{"id":18224,"date":"2022-12-06T08:19:30","date_gmt":"2022-12-06T07:19:30","guid":{"rendered":"https:\/\/www.abf.eu\/bergamo\/?post_type=corsi&#038;p=18224"},"modified":"2026-04-23T11:17:07","modified_gmt":"2026-04-23T09:17:07","slug":"corso-aromapratica","status":"publish","type":"corsi","link":"https:\/\/www.abf.eu\/bergamo\/corsi\/corso-aromapratica\/","title":{"rendered":"Aromapratica"},"content":{"rendered":"\n<h3 class=\"wp-block-heading\">Aromapratica: eccellente alleata del benessere, della salute e dell&#8217;estetica<\/h3>\n\n\n\n<h5 class=\"wp-block-heading\">Cos&#8217;\u00e8 l&#8217;Aromapratica?<\/h5>\n\n\n\n<p>L\u2019 Aromaterapia \u00e8 una pratica molto preziosa tramandata da millenni. Gi\u00e0 i popoli antichi apprezzavano e sfruttavano il <strong>potere terapeutico<\/strong> dei profumi estratti dalle piante e oggi le ricerche scientifiche pi\u00f9 recenti hanno confermato le <strong>propriet\u00e0 benefiche<\/strong> degli oli essenziali.<\/p>\n\n\n\n<p>Sono essenze preziose, \u201cl\u2019anima\u201d delle piante. Anche in fitoterapia, in medicina e in estetica sono impiegati per moltissimi scopi: per <strong>prevenire e curare numerosi disturbi comuni<\/strong>, agendo sugli aspetti fisici, mentali e spirituali della persona. Grazie a queste propriet\u00e0 salutari, gli oli essenziali vengono abbinati sempre pi\u00f9 alle tecniche dedicate al benessere del corpo e nella pratica estetica, accrescendo cos\u00ec le <strong>professionalit\u00e0<\/strong> e diventando un potente fattore coadiuvante nel trattamento di numerose affezioni e di inestetismi, diventando un irrinunciabile agente di riequilibrio, fondamentale ai fini del raggiungimento del <strong>benessere generale<\/strong>.<\/p>\n\n\n\n<h5 class=\"wp-block-heading\">Programma del corso di Aromapratica<\/h5>\n\n\n\n<p>ABF propone a tutti gli interessati un nuovo corso dell\u2019area benessere e estetica: il <strong><em>CORSO DI AROMAPRATICA<\/em><\/strong>.<\/p>\n\n\n\n<p>Durante le lezioni, gli iscritti avranno modo di approfondire diversi temi riguardanti questa antica e preziosa tecnica:<\/p>\n\n\n\n<ul class=\"wp-block-list\">\n<li>Introduzione all\u2019Aromaterapia (cenni, storia e significato)<\/li>\n\n\n\n<li>Qualit\u00e0 degli oli vettori (schede)<\/li>\n\n\n\n<li>Qualit\u00e0 degli oli essenziali (schede)<\/li>\n\n\n\n<li>Utilizzo degli oli (diffusione, inalazione, massaggio, impacco, lavaggi, pediluvi, gargarismi\u2026)<\/li>\n\n\n\n<li>AromaCosmesi<\/li>\n\n\n\n<li>AromaMassaggio<\/li>\n\n\n\n<li>Rilassamento abbinato alla diffusione degli oli in ambiente<\/li>\n<\/ul>\n\n\n\n<p>La struttura del corso di Aromapratica, estremamente pratica ed esperienziale e con un numero limitato di iscritti, consente a tutti i partecipanti di acquisire le competenze necessarie per poter mettere subito in campo quanto imparato e fornire un valore aggiunto alla propria professione.<\/p>\n\n\n\n<p>Il corso ha una durata di&nbsp;<strong>18 ore<\/strong> suddivise tra lezioni pratiche e teoriche. Le lezioni si svolgono al&nbsp;<strong>Luned\u00ec dalle ore 16.30 alle 19.30<\/strong>&nbsp;nel laboratorio di estetica di ABF, presso la sede di Bergamo.<\/p>\n\n\n\n<p>Al termine del corso sar\u00e0 rilasciato a tutti i partecipanti un&nbsp;<strong>certificato di frequenza<\/strong>&nbsp;al raggiungimento del minimo di 75% delle ore di presenza.<\/p>\n\n\n\n<h5 class=\"wp-block-heading\">Ulteriori Informazioni<\/h5>\n\n\n\n<p>Se vuoi ricevere ulteriori informazioni puoi contattare la segreteria allo 035.3693736 oppure inviare una mail all\u2019indirizzo&nbsp;<a href=\"mailto:formazione.bergamo@abf.eu\">formazione.bergamo@abf.eu<\/a>.<\/p>\n\n\n\n<div id=\"linkcontent-block_63c124918d25f\" class=\"link-content \">\n    <a class='animated-arrow font-weight-bold' href='https:\/\/www.abf.eu\/bergamo\/wp-content\/uploads\/sites\/3\/2022\/12\/BG-Aromapratica-1.pdf' target=\"_blank\">\n        <span class='the-arrow -left'>\n            <span class='shaft'><\/span>\n        <\/span>\n        <span class='main'>\n            <span class='text'>Scarica e condividi la locandina del corso<\/span>\n            <span class='the-arrow -right'>\n                <span class='shaft'><\/span>\n            <\/span>\n        <\/span>\n    <\/a>\n<\/div>\n\n\n","protected":false},"featured_media":18323,"parent":0,"template":"","class_list":["post-18224","corsi","type-corsi","status-publish","has-post-thumbnail","hentry","macrocategoria-corsi-adulti","tipologia-corsi-benessere-estetica"],"yoast_head":"<!-- This site is optimized with the Yoast SEO plugin v25.8 - https:\/\/yoast.com\/wordpress\/plugins\/seo\/ -->\n<title>Corso di Aromapratica - Bergamo<\/title>\n<meta name=\"description\" content=\"Il corso ABF di Aromapratica si basa sul potere terapeutico dei profumi estratti dalle piante, che permettono di curare i disturbi pi\u00f9 comuni.\" \/>\n<meta name=\"robots\" content=\"index, follow, max-snippet:-1, max-image-preview:large, max-video-preview:-1\" \/>\n<link rel=\"canonical\" href=\"https:\/\/www.abf.eu\/bergamo\/corsi\/corso-aromapratica\/\" \/>\n<meta property=\"og:locale\" content=\"it_IT\" \/>\n<meta property=\"og:type\" content=\"article\" \/>\n<meta property=\"og:title\" content=\"Corso di Aromapratica - Bergamo\" \/>\n<meta property=\"og:description\" content=\"Il corso ABF di Aromapratica si basa sul potere terapeutico dei profumi estratti dalle piante, che permettono di curare i disturbi pi\u00f9 comuni.\" \/>\n<meta property=\"og:url\" content=\"https:\/\/www.abf.eu\/bergamo\/corsi\/corso-aromapratica\/\" \/>\n<meta property=\"og:site_name\" content=\"Bergamo\" \/>\n<meta property=\"article:modified_time\" content=\"2026-04-23T09:17:07+00:00\" \/>\n<meta property=\"og:image\" content=\"https:\/\/www.abf.eu\/bergamo\/wp-content\/uploads\/sites\/3\/2022\/12\/aromapratica-in-abf-scaled.jpg\" \/>\n\t<meta property=\"og:image:width\" content=\"2560\" \/>\n\t<meta property=\"og:image:height\" content=\"1700\" \/>\n\t<meta property=\"og:image:type\" content=\"image\/jpeg\" \/>\n<meta name=\"twitter:card\" content=\"summary_large_image\" \/>\n<meta name=\"twitter:label1\" content=\"Tempo di lettura stimato\" \/>\n\t<meta name=\"twitter:data1\" content=\"2 minuti\" \/>\n<script type=\"application\/ld+json\" class=\"yoast-schema-graph\">{\"@context\":\"https:\/\/schema.org\",\"@graph\":[{\"@type\":\"WebPage\",\"@id\":\"https:\/\/www.abf.eu\/bergamo\/corsi\/corso-aromapratica\/\",\"url\":\"https:\/\/www.abf.eu\/bergamo\/corsi\/corso-aromapratica\/\",\"name\":\"Corso di Aromapratica - Bergamo\",\"isPartOf\":{\"@id\":\"https:\/\/www.abf.eu\/bergamo\/#website\"},\"primaryImageOfPage\":{\"@id\":\"https:\/\/www.abf.eu\/bergamo\/corsi\/corso-aromapratica\/#primaryimage\"},\"image\":{\"@id\":\"https:\/\/www.abf.eu\/bergamo\/corsi\/corso-aromapratica\/#primaryimage\"},\"thumbnailUrl\":\"https:\/\/www.abf.eu\/bergamo\/wp-content\/uploads\/sites\/3\/2022\/12\/aromapratica-in-abf-scaled.jpg\",\"datePublished\":\"2022-12-06T07:19:30+00:00\",\"dateModified\":\"2026-04-23T09:17:07+00:00\",\"description\":\"Il corso ABF di Aromapratica si basa sul potere terapeutico dei profumi estratti dalle piante, che permettono di curare i disturbi pi\u00f9 comuni.\",\"breadcrumb\":{\"@id\":\"https:\/\/www.abf.eu\/bergamo\/corsi\/corso-aromapratica\/#breadcrumb\"},\"inLanguage\":\"it-IT\",\"potentialAction\":[{\"@type\":\"ReadAction\",\"target\":[\"https:\/\/www.abf.eu\/bergamo\/corsi\/corso-aromapratica\/\"]}]},{\"@type\":\"ImageObject\",\"inLanguage\":\"it-IT\",\"@id\":\"https:\/\/www.abf.eu\/bergamo\/corsi\/corso-aromapratica\/#primaryimage\",\"url\":\"https:\/\/www.abf.eu\/bergamo\/wp-content\/uploads\/sites\/3\/2022\/12\/aromapratica-in-abf-scaled.jpg\",\"contentUrl\":\"https:\/\/www.abf.eu\/bergamo\/wp-content\/uploads\/sites\/3\/2022\/12\/aromapratica-in-abf-scaled.jpg\",\"width\":2560,\"height\":1700,\"caption\":\"Corso di Aromapratica\"},{\"@type\":\"BreadcrumbList\",\"@id\":\"https:\/\/www.abf.eu\/bergamo\/corsi\/corso-aromapratica\/#breadcrumb\",\"itemListElement\":[{\"@type\":\"ListItem\",\"position\":1,\"name\":\"Home\",\"item\":\"https:\/\/www.abf.eu\/bergamo\/\"},{\"@type\":\"ListItem\",\"position\":2,\"name\":\"Aromapratica\"}]},{\"@type\":\"WebSite\",\"@id\":\"https:\/\/www.abf.eu\/bergamo\/#website\",\"url\":\"https:\/\/www.abf.eu\/bergamo\/\",\"name\":\"Bergamo\",\"description\":\"Ecco un altro sito Abf siti\",\"potentialAction\":[{\"@type\":\"SearchAction\",\"target\":{\"@type\":\"EntryPoint\",\"urlTemplate\":\"https:\/\/www.abf.eu\/bergamo\/?s={search_term_string}\"},\"query-input\":{\"@type\":\"PropertyValueSpecification\",\"valueRequired\":true,\"valueName\":\"search_term_string\"}}],\"inLanguage\":\"it-IT\"}]}<\/script>\n<!-- \/ Yoast SEO plugin. -->","yoast_head_json":{"title":"Corso di Aromapratica - Bergamo","description":"Il corso ABF di Aromapratica si basa sul potere terapeutico dei profumi estratti dalle piante, che permettono di curare i disturbi pi\u00f9 comuni.","robots":{"index":"index","follow":"follow","max-snippet":"max-snippet:-1","max-image-preview":"max-image-preview:large","max-video-preview":"max-video-preview:-1"},"canonical":"https:\/\/www.abf.eu\/bergamo\/corsi\/corso-aromapratica\/","og_locale":"it_IT","og_type":"article","og_title":"Corso di Aromapratica - Bergamo","og_description":"Il corso ABF di Aromapratica si basa sul potere terapeutico dei profumi estratti dalle piante, che permettono di curare i disturbi pi\u00f9 comuni.","og_url":"https:\/\/www.abf.eu\/bergamo\/corsi\/corso-aromapratica\/","og_site_name":"Bergamo","article_modified_time":"2026-04-23T09:17:07+00:00","og_image":[{"width":2560,"height":1700,"url":"https:\/\/www.abf.eu\/bergamo\/wp-content\/uploads\/sites\/3\/2022\/12\/aromapratica-in-abf-scaled.jpg","type":"image\/jpeg"}],"twitter_card":"summary_large_image","twitter_misc":{"Tempo di lettura stimato":"2 minuti"},"schema":{"@context":"https:\/\/schema.org","@graph":[{"@type":"WebPage","@id":"https:\/\/www.abf.eu\/bergamo\/corsi\/corso-aromapratica\/","url":"https:\/\/www.abf.eu\/bergamo\/corsi\/corso-aromapratica\/","name":"Corso di Aromapratica - Bergamo","isPartOf":{"@id":"https:\/\/www.abf.eu\/bergamo\/#website"},"primaryImageOfPage":{"@id":"https:\/\/www.abf.eu\/bergamo\/corsi\/corso-aromapratica\/#primaryimage"},"image":{"@id":"https:\/\/www.abf.eu\/bergamo\/corsi\/corso-aromapratica\/#primaryimage"},"thumbnailUrl":"https:\/\/www.abf.eu\/bergamo\/wp-content\/uploads\/sites\/3\/2022\/12\/aromapratica-in-abf-scaled.jpg","datePublished":"2022-12-06T07:19:30+00:00","dateModified":"2026-04-23T09:17:07+00:00","description":"Il corso ABF di Aromapratica si basa sul potere terapeutico dei profumi estratti dalle piante, che permettono di curare i disturbi pi\u00f9 comuni.","breadcrumb":{"@id":"https:\/\/www.abf.eu\/bergamo\/corsi\/corso-aromapratica\/#breadcrumb"},"inLanguage":"it-IT","potentialAction":[{"@type":"ReadAction","target":["https:\/\/www.abf.eu\/bergamo\/corsi\/corso-aromapratica\/"]}]},{"@type":"ImageObject","inLanguage":"it-IT","@id":"https:\/\/www.abf.eu\/bergamo\/corsi\/corso-aromapratica\/#primaryimage","url":"https:\/\/www.abf.eu\/bergamo\/wp-content\/uploads\/sites\/3\/2022\/12\/aromapratica-in-abf-scaled.jpg","contentUrl":"https:\/\/www.abf.eu\/bergamo\/wp-content\/uploads\/sites\/3\/2022\/12\/aromapratica-in-abf-scaled.jpg","width":2560,"height":1700,"caption":"Corso di Aromapratica"},{"@type":"BreadcrumbList","@id":"https:\/\/www.abf.eu\/bergamo\/corsi\/corso-aromapratica\/#breadcrumb","itemListElement":[{"@type":"ListItem","position":1,"name":"Home","item":"https:\/\/www.abf.eu\/bergamo\/"},{"@type":"ListItem","position":2,"name":"Aromapratica"}]},{"@type":"WebSite","@id":"https:\/\/www.abf.eu\/bergamo\/#website","url":"https:\/\/www.abf.eu\/bergamo\/","name":"Bergamo","description":"Ecco un altro sito Abf siti","potentialAction":[{"@type":"SearchAction","target":{"@type":"EntryPoint","urlTemplate":"https:\/\/www.abf.eu\/bergamo\/?s={search_term_string}"},"query-input":{"@type":"PropertyValueSpecification","valueRequired":true,"valueName":"search_term_string"}}],"inLanguage":"it-IT"}]}},"_links":{"self":[{"href":"https:\/\/www.abf.eu\/bergamo\/wp-json\/wp\/v2\/corsi\/18224","targetHints":{"allow":["GET"]}}],"collection":[{"href":"https:\/\/www.abf.eu\/bergamo\/wp-json\/wp\/v2\/corsi"}],"about":[{"href":"https:\/\/www.abf.eu\/bergamo\/wp-json\/wp\/v2\/types\/corsi"}],"wp:featuredmedia":[{"embeddable":true,"href":"https:\/\/www.abf.eu\/bergamo\/wp-json\/wp\/v2\/media\/18323"}],"wp:attachment":[{"href":"https:\/\/www.abf.eu\/bergamo\/wp-json\/wp\/v2\/media?parent=18224"}],"curies":[{"name":"wp","href":"https:\/\/api.w.org\/{rel}","templated":true}]}}

<h3 class="wp-block-heading">Aromapratica: eccellente alleata del benessere, della salute e dell&#8217;estetica</h3>



<h5 class="wp-block-heading">Cos&#8217;è l&#8217;Aromapratica?</h5>



<p>L’ Aromaterapia è una pratica molto preziosa tramandata da millenni. Già i popoli antichi apprezzavano e sfruttavano il <strong>potere terapeutico</strong> dei profumi estratti dalle piante e oggi le ricerche scientifiche più recenti hanno confermato le <strong>proprietà benefiche</strong> degli oli essenziali.</p>



<p>Sono essenze preziose, “l’anima” delle piante. Anche in fitoterapia, in medicina e in estetica sono impiegati per moltissimi scopi: per <strong>prevenire e curare numerosi disturbi comuni</strong>, agendo sugli aspetti fisici, mentali e spirituali della persona. Grazie a queste proprietà salutari, gli oli essenziali vengono abbinati sempre più alle tecniche dedicate al benessere del corpo e nella pratica estetica, accrescendo così le <strong>professionalità</strong> e diventando un potente fattore coadiuvante nel trattamento di numerose affezioni e di inestetismi, diventando un irrinunciabile agente di riequilibrio, fondamentale ai fini del raggiungimento del <strong>benessere generale</strong>.</p>



<h5 class="wp-block-heading">Programma del corso di Aromapratica</h5>



<p>ABF propone a tutti gli interessati un nuovo corso dell’area benessere e estetica: il <strong><em>CORSO DI AROMAPRATICA</em></strong>.</p>



<p>Durante le lezioni, gli iscritti avranno modo di approfondire diversi temi riguardanti questa antica e preziosa tecnica:</p>



<ul class="wp-block-list">
<li>Introduzione all’Aromaterapia (cenni, storia e significato)</li>



<li>Qualità degli oli vettori (schede)</li>



<li>Qualità degli oli essenziali (schede)</li>



<li>Utilizzo degli oli (diffusione, inalazione, massaggio, impacco, lavaggi, pediluvi, gargarismi…)</li>



<li>AromaCosmesi</li>



<li>AromaMassaggio</li>



<li>Rilassamento abbinato alla diffusione degli oli in ambiente</li>
</ul>



<p>La struttura del corso di Aromapratica, estremamente pratica ed esperienziale e con un numero limitato di iscritti, consente a tutti i partecipanti di acquisire le competenze necessarie per poter mettere subito in campo quanto imparato e fornire un valore aggiunto alla propria professione.</p>



<p>Il corso ha una durata di&nbsp;<strong>18 ore</strong> suddivise tra lezioni pratiche e teoriche. Le lezioni si svolgono al&nbsp;<strong>Lunedì dalle ore 16.30 alle 19.30</strong>&nbsp;nel laboratorio di estetica di ABF, presso la sede di Bergamo.</p>



<p>Al termine del corso sarà rilasciato a tutti i partecipanti un&nbsp;<strong>certificato di frequenza</strong>&nbsp;al raggiungimento del minimo di 75% delle ore di presenza.</p>



<h5 class="wp-block-heading">Ulteriori Informazioni</h5>



<p>Se vuoi ricevere ulteriori informazioni puoi contattare la segreteria allo 035.3693736 oppure inviare una mail all’indirizzo&nbsp;<a href="mailto:formazione.bergamo@abf.eu">formazione.bergamo@abf.eu</a>.</p>



<div id="linkcontent-block_63c124918d25f" class="link-content ">
    <a class='animated-arrow font-weight-bold' href='https://www.abf.eu/bergamo/wp-content/uploads/sites/3/2022/12/BG-Aromapratica-1.pdf' target="_blank">
        <span class='the-arrow -left'>
            <span class='shaft'></span>
        </span>
        <span class='main'>
            <span class='text'>Scarica e condividi la locandina del corso</span>
            <span class='the-arrow -right'>
                <span class='shaft'></span>
            </span>
        </span>
    </a>
</div>

<!-- This site is optimized with the Yoast SEO plugin v25.8 - https://yoast.com/wordpress/plugins/seo/ -->
<title>Corso di Aromapratica - Bergamo</title>
<meta name="description" content="Il corso ABF di Aromapratica si basa sul potere terapeutico dei profumi estratti dalle piante, che permettono di curare i disturbi più comuni." />
<meta name="robots" content="index, follow, max-snippet:-1, max-image-preview:large, max-video-preview:-1" />
<link rel="canonical" href="https://www.abf.eu/bergamo/corsi/corso-aromapratica/" />
<meta property="og:locale" content="it_IT" />
<meta property="og:type" content="article" />
<meta property="og:title" content="Corso di Aromapratica - Bergamo" />
<meta property="og:description" content="Il corso ABF di Aromapratica si basa sul potere terapeutico dei profumi estratti dalle piante, che permettono di curare i disturbi più comuni." />
<meta property="og:url" content="https://www.abf.eu/bergamo/corsi/corso-aromapratica/" />
<meta property="og:site_name" content="Bergamo" />
<meta property="article:modified_time" content="2026-04-23T09:17:07+00:00" />
<meta property="og:image" content="https://www.abf.eu/bergamo/wp-content/uploads/sites/3/2022/12/aromapratica-in-abf-scaled.jpg" />
	<meta property="og:image:width" content="2560" />
	<meta property="og:image:height" content="1700" />
	<meta property="og:image:type" content="image/jpeg" />
<meta name="twitter:card" content="summary_large_image" />
<meta name="twitter:label1" content="Tempo di lettura stimato" />
	<meta name="twitter:data1" content="2 minuti" />
<script type="application/ld+json" class="yoast-schema-graph">{"@context":"https://schema.org","@graph":[{"@type":"WebPage","@id":"https://www.abf.eu/bergamo/corsi/corso-aromapratica/","url":"https://www.abf.eu/bergamo/corsi/corso-aromapratica/","name":"Corso di Aromapratica - Bergamo","isPartOf":{"@id":"https://www.abf.eu/bergamo/#website"},"primaryImageOfPage":{"@id":"https://www.abf.eu/bergamo/corsi/corso-aromapratica/#primaryimage"},"image":{"@id":"https://www.abf.eu/bergamo/corsi/corso-aromapratica/#primaryimage"},"thumbnailUrl":"https://www.abf.eu/bergamo/wp-content/uploads/sites/3/2022/12/aromapratica-in-abf-scaled.jpg","datePublished":"2022-12-06T07:19:30+00:00","dateModified":"2026-04-23T09:17:07+00:00","description":"Il corso ABF di Aromapratica si basa sul potere terapeutico dei profumi estratti dalle piante, che permettono di curare i disturbi più comuni.","breadcrumb":{"@id":"https://www.abf.eu/bergamo/corsi/corso-aromapratica/#breadcrumb"},"inLanguage":"it-IT","potentialAction":[{"@type":"ReadAction","target":["https://www.abf.eu/bergamo/corsi/corso-aromapratica/"]}]},{"@type":"ImageObject","inLanguage":"it-IT","@id":"https://www.abf.eu/bergamo/corsi/corso-aromapratica/#primaryimage","url":"https://www.abf.eu/bergamo/wp-content/uploads/sites/3/2022/12/aromapratica-in-abf-scaled.jpg","contentUrl":"https://www.abf.eu/bergamo/wp-content/uploads/sites/3/2022/12/aromapratica-in-abf-scaled.jpg","width":2560,"height":1700,"caption":"Corso di Aromapratica"},{"@type":"BreadcrumbList","@id":"https://www.abf.eu/bergamo/corsi/corso-aromapratica/#breadcrumb","itemListElement":[{"@type":"ListItem","position":1,"name":"Home","item":"https://www.abf.eu/bergamo/"},{"@type":"ListItem","position":2,"name":"Aromapratica"}]},{"@type":"WebSite","@id":"https://www.abf.eu/bergamo/#website","url":"https://www.abf.eu/bergamo/","name":"Bergamo","description":"Ecco un altro sito Abf siti","potentialAction":[{"@type":"SearchAction","target":{"@type":"EntryPoint","urlTemplate":"https://www.abf.eu/bergamo/?s={search_term_string}"},"query-input":{"@type":"PropertyValueSpecification","valueRequired":true,"valueName":"search_term_string"}}],"inLanguage":"it-IT"}]}</script>
<!-- / Yoast SEO plugin. -->

Il corso ABF di Aromapratica si basa sul potere terapeutico dei profumi estratti dalle piante, che permettono di curare i disturbi più comuni.
