{"id":19381,"date":"2023-09-22T12:17:37","date_gmt":"2023-09-22T10:17:37","guid":{"rendered":"https:\/\/www.abf.eu\/bergamo\/?post_type=corsi&#038;p=19381"},"modified":"2026-04-23T11:17:12","modified_gmt":"2026-04-23T09:17:12","slug":"orticoltura-domestica","status":"publish","type":"corsi","link":"https:\/\/www.abf.eu\/bergamo\/corsi\/orticoltura-domestica\/","title":{"rendered":"Corso di Orticoltura domestica"},"content":{"rendered":"\n<h3 class=\"wp-block-heading\">Orticoltura domestica, un corso per riempire di verde le vostre giornate!<\/h3>\n\n\n\n<p>ABF ripropone il corso di orticoltura domestica per poter provare la soddisfazione di consumare alimenti naturali a chilometro zero!<\/p>\n\n\n\n<h5 class=\"wp-block-heading\">Informazioni sul corso<\/h5>\n\n\n\n<p>Ami il verde e vorresti avere un angolo di natura tra le mura di casa? Hai un piccolo appezzamento di terreno e non sai come sfruttarlo al meglio?<\/p>\n\n\n\n<p>Grazie ad ABF imparerai a coltivare l\u2019orto perfetto! Il corso di orticoltura domestica fornisce le competenze professionali utili nella gestione di di un orto domestico\/amatoriale. Se sei interessato a gestire al meglio le principali colture orticole di dimensioni medio-piccole e vuoi scoprire le diverse tecniche colturali da applicare per risultati sorprendenti, questo \u00e8 il corso che fa per te!<\/p>\n\n\n\n<p>Non perdere l\u2019occasione di imparare i segreti del mestiere: il corso non \u00e8 rivolto solo a chi ha il pollice verde, ma anche a chi sogna da sempre di averlo.<\/p>\n\n\n\n<h5 class=\"wp-block-heading\">Contenuti del corso di Orticoltura domestica<\/h5>\n\n\n\n<p>Nel corso delle tre serate il docente, tecnico agronomo professionista, ti accompagner\u00e0 a scoprire diversi temi, tra cui:<\/p>\n\n\n\n<ul class=\"wp-block-list\">\n<li>progettazione e studio preliminare di un orto;<\/li>\n\n\n\n<li>variet\u00e0 orticole coltivate e caratteristiche morfologiche-vegetative;<\/li>\n\n\n\n<li>tecniche colturali di gestione dell\u2019orto;<\/li>\n\n\n\n<li>avversit\u00e0 e modalit\u00e0 di controllo\/cura che coinvolgono le colture orticole.<\/li>\n<\/ul>\n\n\n\n<p>Al termine di ogni serata ci sar\u00e0 spazio per domande e chiarimenti.<\/p>\n\n\n\n<h5 class=\"wp-block-heading\">Altre informazioni<\/h5>\n\n\n\n<p>Il corso ha una durata di 6 ore e si articoler\u00e0 in 3 serate dalle 18.00 alle 20.00, di marted\u00ec. Durante le lezioni del corso il docente, dottore agronomo professionista, vi accompagner\u00e0 a scoprire i diversi temi proposti.<\/p>\n\n\n\n<p>Al termine del percorso sar\u00e0 rilasciato un attestato di frequenza, previo superamento del 75% delle ore di presenza.<\/p>\n\n\n\n<h5 class=\"wp-block-heading\">Contatti<\/h5>\n\n\n\n<p>Le iscrizioni avvengono direttamente dal sito ABF cliccando sul pulsante qui sotto.<\/p>\n\n\n\n<p>Per ulteriori informazioni sul corso potete contattare la segreteria allo 0363.1925677 o inviare un\u2019e-mail a <a href=\"mailto:corsi.online@abf.eu\">corsi.online@abf.eu<\/a>.<\/p>\n\n\n\n<hr class=\"wp-block-separator has-alpha-channel-opacity\"\/>\n\n\n\n<div id=\"linkcontent-block_64b51369f68f7\" class=\"link-content \">\n    <a class='animated-arrow font-weight-bold' href='https:\/\/www.abf.eu\/bergamo\/wp-content\/uploads\/sites\/3\/2023\/07\/ON-Orticoltura-domestica.pdf' target=\"_blank\">\n        <span class='the-arrow -left'>\n            <span class='shaft'><\/span>\n        <\/span>\n        <span class='main'>\n            <span class='text'>Scarica e condividi la locandina<\/span>\n            <span class='the-arrow -right'>\n                <span class='shaft'><\/span>\n            <\/span>\n        <\/span>\n    <\/a>\n<\/div>\n\n\n\n\n\n<hr class=\"wp-block-separator has-alpha-channel-opacity\"\/>\n\n\n\n<div id=\"linkcontent-block_64b51373f68f8\" class=\"link-content \">\n    <a class='animated-arrow font-weight-bold' href='https:\/\/www.abf.eu\/corsi-online\/' target=\"_blank\">\n        <span class='the-arrow -left'>\n            <span class='shaft'><\/span>\n        <\/span>\n        <span class='main'>\n            <span class='text'>Scopri i corsi online di ABF<\/span>\n            <span class='the-arrow -right'>\n                <span class='shaft'><\/span>\n            <\/span>\n        <\/span>\n    <\/a>\n<\/div>\n\n\n","protected":false},"featured_media":19454,"parent":0,"template":"","class_list":["post-19381","corsi","type-corsi","status-publish","has-post-thumbnail","hentry","macrocategoria-corsi-adulti","tipologia-corsi-verde"],"yoast_head":"<!-- This site is optimized with the Yoast SEO plugin v25.8 - https:\/\/yoast.com\/wordpress\/plugins\/seo\/ -->\n<title>Corso di Orticoltura domestica - Bergamo<\/title>\n<meta name=\"description\" content=\"Il corso di ABF di orticoltura domestica fornisce le competenze professionali per la gestione di di un orto domestico\/amatoriale.\" \/>\n<meta name=\"robots\" content=\"index, follow, max-snippet:-1, max-image-preview:large, max-video-preview:-1\" \/>\n<link rel=\"canonical\" href=\"https:\/\/www.abf.eu\/bergamo\/corsi\/orticoltura-domestica\/\" \/>\n<meta property=\"og:locale\" content=\"it_IT\" \/>\n<meta property=\"og:type\" content=\"article\" \/>\n<meta property=\"og:title\" content=\"Corso di Orticoltura domestica - Bergamo\" \/>\n<meta property=\"og:description\" content=\"Il corso di ABF di orticoltura domestica fornisce le competenze professionali per la gestione di di un orto domestico\/amatoriale.\" \/>\n<meta property=\"og:url\" content=\"https:\/\/www.abf.eu\/bergamo\/corsi\/orticoltura-domestica\/\" \/>\n<meta property=\"og:site_name\" content=\"Bergamo\" \/>\n<meta property=\"article:modified_time\" content=\"2026-04-23T09:17:12+00:00\" \/>\n<meta property=\"og:image\" content=\"https:\/\/www.abf.eu\/bergamo\/wp-content\/uploads\/sites\/3\/2023\/07\/orticoltura-domestica.jpg\" \/>\n\t<meta property=\"og:image:width\" content=\"768\" \/>\n\t<meta property=\"og:image:height\" content=\"511\" \/>\n\t<meta property=\"og:image:type\" content=\"image\/jpeg\" \/>\n<meta name=\"twitter:card\" content=\"summary_large_image\" \/>\n<meta name=\"twitter:label1\" content=\"Tempo di lettura stimato\" \/>\n\t<meta name=\"twitter:data1\" content=\"2 minuti\" \/>\n<script type=\"application\/ld+json\" class=\"yoast-schema-graph\">{\"@context\":\"https:\/\/schema.org\",\"@graph\":[{\"@type\":\"WebPage\",\"@id\":\"https:\/\/www.abf.eu\/bergamo\/corsi\/orticoltura-domestica\/\",\"url\":\"https:\/\/www.abf.eu\/bergamo\/corsi\/orticoltura-domestica\/\",\"name\":\"Corso di Orticoltura domestica - Bergamo\",\"isPartOf\":{\"@id\":\"https:\/\/www.abf.eu\/bergamo\/#website\"},\"primaryImageOfPage\":{\"@id\":\"https:\/\/www.abf.eu\/bergamo\/corsi\/orticoltura-domestica\/#primaryimage\"},\"image\":{\"@id\":\"https:\/\/www.abf.eu\/bergamo\/corsi\/orticoltura-domestica\/#primaryimage\"},\"thumbnailUrl\":\"https:\/\/www.abf.eu\/bergamo\/wp-content\/uploads\/sites\/3\/2023\/07\/orticoltura-domestica.jpg\",\"datePublished\":\"2023-09-22T10:17:37+00:00\",\"dateModified\":\"2026-04-23T09:17:12+00:00\",\"description\":\"Il corso di ABF di orticoltura domestica fornisce le competenze professionali per la gestione di di un orto domestico\/amatoriale.\",\"breadcrumb\":{\"@id\":\"https:\/\/www.abf.eu\/bergamo\/corsi\/orticoltura-domestica\/#breadcrumb\"},\"inLanguage\":\"it-IT\",\"potentialAction\":[{\"@type\":\"ReadAction\",\"target\":[\"https:\/\/www.abf.eu\/bergamo\/corsi\/orticoltura-domestica\/\"]}]},{\"@type\":\"ImageObject\",\"inLanguage\":\"it-IT\",\"@id\":\"https:\/\/www.abf.eu\/bergamo\/corsi\/orticoltura-domestica\/#primaryimage\",\"url\":\"https:\/\/www.abf.eu\/bergamo\/wp-content\/uploads\/sites\/3\/2023\/07\/orticoltura-domestica.jpg\",\"contentUrl\":\"https:\/\/www.abf.eu\/bergamo\/wp-content\/uploads\/sites\/3\/2023\/07\/orticoltura-domestica.jpg\",\"width\":768,\"height\":511,\"caption\":\"Orticoltura domestica\"},{\"@type\":\"BreadcrumbList\",\"@id\":\"https:\/\/www.abf.eu\/bergamo\/corsi\/orticoltura-domestica\/#breadcrumb\",\"itemListElement\":[{\"@type\":\"ListItem\",\"position\":1,\"name\":\"Home\",\"item\":\"https:\/\/www.abf.eu\/bergamo\/\"},{\"@type\":\"ListItem\",\"position\":2,\"name\":\"Corso di Orticoltura domestica\"}]},{\"@type\":\"WebSite\",\"@id\":\"https:\/\/www.abf.eu\/bergamo\/#website\",\"url\":\"https:\/\/www.abf.eu\/bergamo\/\",\"name\":\"Bergamo\",\"description\":\"Ecco un altro sito Abf siti\",\"potentialAction\":[{\"@type\":\"SearchAction\",\"target\":{\"@type\":\"EntryPoint\",\"urlTemplate\":\"https:\/\/www.abf.eu\/bergamo\/?s={search_term_string}\"},\"query-input\":{\"@type\":\"PropertyValueSpecification\",\"valueRequired\":true,\"valueName\":\"search_term_string\"}}],\"inLanguage\":\"it-IT\"}]}<\/script>\n<!-- \/ Yoast SEO plugin. -->","yoast_head_json":{"title":"Corso di Orticoltura domestica - Bergamo","description":"Il corso di ABF di orticoltura domestica fornisce le competenze professionali per la gestione di di un orto domestico\/amatoriale.","robots":{"index":"index","follow":"follow","max-snippet":"max-snippet:-1","max-image-preview":"max-image-preview:large","max-video-preview":"max-video-preview:-1"},"canonical":"https:\/\/www.abf.eu\/bergamo\/corsi\/orticoltura-domestica\/","og_locale":"it_IT","og_type":"article","og_title":"Corso di Orticoltura domestica - Bergamo","og_description":"Il corso di ABF di orticoltura domestica fornisce le competenze professionali per la gestione di di un orto domestico\/amatoriale.","og_url":"https:\/\/www.abf.eu\/bergamo\/corsi\/orticoltura-domestica\/","og_site_name":"Bergamo","article_modified_time":"2026-04-23T09:17:12+00:00","og_image":[{"width":768,"height":511,"url":"https:\/\/www.abf.eu\/bergamo\/wp-content\/uploads\/sites\/3\/2023\/07\/orticoltura-domestica.jpg","type":"image\/jpeg"}],"twitter_card":"summary_large_image","twitter_misc":{"Tempo di lettura stimato":"2 minuti"},"schema":{"@context":"https:\/\/schema.org","@graph":[{"@type":"WebPage","@id":"https:\/\/www.abf.eu\/bergamo\/corsi\/orticoltura-domestica\/","url":"https:\/\/www.abf.eu\/bergamo\/corsi\/orticoltura-domestica\/","name":"Corso di Orticoltura domestica - Bergamo","isPartOf":{"@id":"https:\/\/www.abf.eu\/bergamo\/#website"},"primaryImageOfPage":{"@id":"https:\/\/www.abf.eu\/bergamo\/corsi\/orticoltura-domestica\/#primaryimage"},"image":{"@id":"https:\/\/www.abf.eu\/bergamo\/corsi\/orticoltura-domestica\/#primaryimage"},"thumbnailUrl":"https:\/\/www.abf.eu\/bergamo\/wp-content\/uploads\/sites\/3\/2023\/07\/orticoltura-domestica.jpg","datePublished":"2023-09-22T10:17:37+00:00","dateModified":"2026-04-23T09:17:12+00:00","description":"Il corso di ABF di orticoltura domestica fornisce le competenze professionali per la gestione di di un orto domestico\/amatoriale.","breadcrumb":{"@id":"https:\/\/www.abf.eu\/bergamo\/corsi\/orticoltura-domestica\/#breadcrumb"},"inLanguage":"it-IT","potentialAction":[{"@type":"ReadAction","target":["https:\/\/www.abf.eu\/bergamo\/corsi\/orticoltura-domestica\/"]}]},{"@type":"ImageObject","inLanguage":"it-IT","@id":"https:\/\/www.abf.eu\/bergamo\/corsi\/orticoltura-domestica\/#primaryimage","url":"https:\/\/www.abf.eu\/bergamo\/wp-content\/uploads\/sites\/3\/2023\/07\/orticoltura-domestica.jpg","contentUrl":"https:\/\/www.abf.eu\/bergamo\/wp-content\/uploads\/sites\/3\/2023\/07\/orticoltura-domestica.jpg","width":768,"height":511,"caption":"Orticoltura domestica"},{"@type":"BreadcrumbList","@id":"https:\/\/www.abf.eu\/bergamo\/corsi\/orticoltura-domestica\/#breadcrumb","itemListElement":[{"@type":"ListItem","position":1,"name":"Home","item":"https:\/\/www.abf.eu\/bergamo\/"},{"@type":"ListItem","position":2,"name":"Corso di Orticoltura domestica"}]},{"@type":"WebSite","@id":"https:\/\/www.abf.eu\/bergamo\/#website","url":"https:\/\/www.abf.eu\/bergamo\/","name":"Bergamo","description":"Ecco un altro sito Abf siti","potentialAction":[{"@type":"SearchAction","target":{"@type":"EntryPoint","urlTemplate":"https:\/\/www.abf.eu\/bergamo\/?s={search_term_string}"},"query-input":{"@type":"PropertyValueSpecification","valueRequired":true,"valueName":"search_term_string"}}],"inLanguage":"it-IT"}]}},"_links":{"self":[{"href":"https:\/\/www.abf.eu\/bergamo\/wp-json\/wp\/v2\/corsi\/19381","targetHints":{"allow":["GET"]}}],"collection":[{"href":"https:\/\/www.abf.eu\/bergamo\/wp-json\/wp\/v2\/corsi"}],"about":[{"href":"https:\/\/www.abf.eu\/bergamo\/wp-json\/wp\/v2\/types\/corsi"}],"wp:featuredmedia":[{"embeddable":true,"href":"https:\/\/www.abf.eu\/bergamo\/wp-json\/wp\/v2\/media\/19454"}],"wp:attachment":[{"href":"https:\/\/www.abf.eu\/bergamo\/wp-json\/wp\/v2\/media?parent=19381"}],"curies":[{"name":"wp","href":"https:\/\/api.w.org\/{rel}","templated":true}]}}

<h3 class="wp-block-heading">Orticoltura domestica, un corso per riempire di verde le vostre giornate!</h3>



<p>ABF ripropone il corso di orticoltura domestica per poter provare la soddisfazione di consumare alimenti naturali a chilometro zero!</p>



<h5 class="wp-block-heading">Informazioni sul corso</h5>



<p>Ami il verde e vorresti avere un angolo di natura tra le mura di casa? Hai un piccolo appezzamento di terreno e non sai come sfruttarlo al meglio?</p>



<p>Grazie ad ABF imparerai a coltivare l’orto perfetto! Il corso di orticoltura domestica fornisce le competenze professionali utili nella gestione di di un orto domestico/amatoriale. Se sei interessato a gestire al meglio le principali colture orticole di dimensioni medio-piccole e vuoi scoprire le diverse tecniche colturali da applicare per risultati sorprendenti, questo è il corso che fa per te!</p>



<p>Non perdere l’occasione di imparare i segreti del mestiere: il corso non è rivolto solo a chi ha il pollice verde, ma anche a chi sogna da sempre di averlo.</p>



<h5 class="wp-block-heading">Contenuti del corso di Orticoltura domestica</h5>



<p>Nel corso delle tre serate il docente, tecnico agronomo professionista, ti accompagnerà a scoprire diversi temi, tra cui:</p>



<ul class="wp-block-list">
<li>progettazione e studio preliminare di un orto;</li>



<li>varietà orticole coltivate e caratteristiche morfologiche-vegetative;</li>



<li>tecniche colturali di gestione dell’orto;</li>



<li>avversità e modalità di controllo/cura che coinvolgono le colture orticole.</li>
</ul>



<p>Al termine di ogni serata ci sarà spazio per domande e chiarimenti.</p>



<h5 class="wp-block-heading">Altre informazioni</h5>



<p>Il corso ha una durata di 6 ore e si articolerà in 3 serate dalle 18.00 alle 20.00, di martedì. Durante le lezioni del corso il docente, dottore agronomo professionista, vi accompagnerà a scoprire i diversi temi proposti.</p>



<p>Al termine del percorso sarà rilasciato un attestato di frequenza, previo superamento del 75% delle ore di presenza.</p>



<h5 class="wp-block-heading">Contatti</h5>



<p>Le iscrizioni avvengono direttamente dal sito ABF cliccando sul pulsante qui sotto.</p>



<p>Per ulteriori informazioni sul corso potete contattare la segreteria allo 0363.1925677 o inviare un’e-mail a <a href="mailto:corsi.online@abf.eu">corsi.online@abf.eu</a>.</p>



<hr class="wp-block-separator has-alpha-channel-opacity"/>



<div id="linkcontent-block_64b51369f68f7" class="link-content ">
    <a class='animated-arrow font-weight-bold' href='https://www.abf.eu/bergamo/wp-content/uploads/sites/3/2023/07/ON-Orticoltura-domestica.pdf' target="_blank">
        <span class='the-arrow -left'>
            <span class='shaft'></span>
        </span>
        <span class='main'>
            <span class='text'>Scarica e condividi la locandina</span>
            <span class='the-arrow -right'>
                <span class='shaft'></span>
            </span>
        </span>
    </a>
</div>





<hr class="wp-block-separator has-alpha-channel-opacity"/>



<div id="linkcontent-block_64b51373f68f8" class="link-content ">
    <a class='animated-arrow font-weight-bold' href='https://www.abf.eu/corsi-online/' target="_blank">
        <span class='the-arrow -left'>
            <span class='shaft'></span>
        </span>
        <span class='main'>
            <span class='text'>Scopri i corsi online di ABF</span>
            <span class='the-arrow -right'>
                <span class='shaft'></span>
            </span>
        </span>
    </a>
</div>
