{"id":19995,"date":"2024-01-25T09:22:11","date_gmt":"2024-01-25T08:22:11","guid":{"rendered":"https:\/\/www.abf.eu\/bergamo\/?post_type=corsi&#038;p=19995"},"modified":"2026-04-23T11:17:14","modified_gmt":"2026-04-23T09:17:14","slug":"serate-da-chef-i-sapori-delle-regioni-italiane-il-piemonte","status":"publish","type":"corsi","link":"https:\/\/www.abf.eu\/bergamo\/corsi\/serate-da-chef-i-sapori-delle-regioni-italiane-il-piemonte\/","title":{"rendered":"Serate da chef: i sapori delle regioni italiane &#8211; il Piemonte"},"content":{"rendered":"\n<h3 class=\"wp-block-heading\"><strong>Arrivano da ABF le serate regionali di cucina!<\/strong><\/h3>\n\n\n\n<h5 class=\"wp-block-heading\"><strong>Siete pronti a conoscere tutti i sapori d\u2019Italia?<\/strong><\/h5>\n\n\n\n<p>Azienda Bergamasca Formazione di Bergamo, insieme alle sedi di Clusone e Treviglio, ha messo in programma per la stagione 2023-2024 le serate di cucina regionale. Saranno 3 serate per ogni sede, ogni serata tratter\u00e0 una regione differente.<\/p>\n\n\n\n<p>ABF Bergamo partir\u00e0 con una delle regioni alpine dai sapori pi\u00f9 &#8220;montani&#8221;: <strong>il Piemonte<\/strong>!<br>Le prelibatezze da poter cucinare e assaggiare sono davvero moltissime. Si va da arrosti a risotti, da ravioli a tartufi a formaggi tipici.<\/p>\n\n\n\n<h5 class=\"wp-block-heading\"><strong>Contenuti della serata<\/strong><\/h5>\n\n\n\n<p>Durante la serata i corsisti realizzaranno, su indicazione del docente, un men\u00f9 composto da antipasto, primo e dolce. Si partir\u00e0 dunque con una tipica <strong>bagna cauda<\/strong> e si realizzeranno passo passo gli <strong>agnolotti del Plin<\/strong>, due piatti tipici dal gusto forte e corposo. E quale miglior dolce conclusione dei <strong>baci di dama<\/strong>, diffusi ormai in varie versioni in tutta Italia ma dalle radici fortemente piemontesi?<\/p>\n\n\n\n<h5 class=\"wp-block-heading\"><strong>Chi terr\u00e0 il corso?<\/strong><\/h5>\n\n\n\n<p>Il docente che terr\u00e0 il corso sar\u00e0 il nostro chef Baggi Walter, che con la sua esperienza vi guider\u00e0 in un viaggio culinario nelle Alpi piemontesi, con ricette da replicare poi in famiglia per lasciare tutti a bocca aperta!<\/p>\n\n\n\n<h5 class=\"wp-block-heading\"><strong>Altre informazioni<\/strong><\/h5>\n\n\n\n<p>Il prezzo del corso \u00e8 60 euro. La serata si terr\u00e0 presso la nostra sede di ABF Bergamo, in Via Monte Gleno 2, marted\u00ec 27 febbraio dalle 17:30 alle 21:30.<\/p>\n\n\n\n<p>Le serate regionali non sono finite! Vi aspettiamo presto con una serata dedicata alla cucina pugliese e un\u2019altra dedicata alla regione Sicilia. <\/p>\n\n\n\n<p><strong>Per i corsisti che si iscriveranno a tutte e tre le serate \u00e8 previsto il 10% di sconto<\/strong>. <\/p>\n\n\n\n<h5 class=\"wp-block-heading\">Contatti<\/h5>\n\n\n\n<p>Per ulteriori informazioni, non esitate a contattare la segreteria al numero 035.3693723 o inviare una mail a <a href=\"mailto:formazione.bergamo@abf.eu\" target=\"_blank\" rel=\"noreferrer noopener\">formazione.bergamo@abf.eu<\/a>.<\/p>\n\n\n\n<hr class=\"wp-block-separator has-alpha-channel-opacity\"\/>\n\n\n\n<div id=\"linkcontent-block_65a63c172fbf6\" class=\"link-content \">\n    <a class='animated-arrow font-weight-bold' href='https:\/\/www.abf.eu\/bergamo\/wp-content\/uploads\/sites\/3\/2024\/01\/BG-cucina-piemontese.pdf' target=\"_blank\">\n        <span class='the-arrow -left'>\n            <span class='shaft'><\/span>\n        <\/span>\n        <span class='main'>\n            <span class='text'>Scarica e condividi la locandina<\/span>\n            <span class='the-arrow -right'>\n                <span class='shaft'><\/span>\n            <\/span>\n        <\/span>\n    <\/a>\n<\/div>\n\n\n","protected":false},"featured_media":20099,"parent":0,"template":"","class_list":["post-19995","corsi","type-corsi","status-publish","has-post-thumbnail","hentry","macrocategoria-corsi-adulti","tipologia-corsi-cucina-e-ristorazione"],"yoast_head":"<!-- This site is optimized with the Yoast SEO plugin v25.8 - https:\/\/yoast.com\/wordpress\/plugins\/seo\/ -->\n<title>Serate da chef: i sapori delle regioni italiane - il Piemonte - Bergamo<\/title>\n<meta name=\"description\" content=\"ABF presenta &quot;serate da chef&quot;: diventa chef piemontese per una sera e realizza un men\u00f9 composto da antipasto, primo e dolce.\" \/>\n<meta name=\"robots\" content=\"index, follow, max-snippet:-1, max-image-preview:large, max-video-preview:-1\" \/>\n<link rel=\"canonical\" href=\"https:\/\/www.abf.eu\/bergamo\/corsi\/serate-da-chef-i-sapori-delle-regioni-italiane-il-piemonte\/\" \/>\n<meta property=\"og:locale\" content=\"it_IT\" \/>\n<meta property=\"og:type\" content=\"article\" \/>\n<meta property=\"og:title\" content=\"Serate da chef: i sapori delle regioni italiane - il Piemonte - Bergamo\" \/>\n<meta property=\"og:description\" content=\"ABF presenta &quot;serate da chef&quot;: diventa chef piemontese per una sera e realizza un men\u00f9 composto da antipasto, primo e dolce.\" \/>\n<meta property=\"og:url\" content=\"https:\/\/www.abf.eu\/bergamo\/corsi\/serate-da-chef-i-sapori-delle-regioni-italiane-il-piemonte\/\" \/>\n<meta property=\"og:site_name\" content=\"Bergamo\" \/>\n<meta property=\"article:modified_time\" content=\"2026-04-23T09:17:14+00:00\" \/>\n<meta property=\"og:image\" content=\"https:\/\/www.abf.eu\/bergamo\/wp-content\/uploads\/sites\/3\/2024\/01\/Il-piemonte.png\" \/>\n\t<meta property=\"og:image:width\" content=\"1000\" \/>\n\t<meta property=\"og:image:height\" content=\"666\" \/>\n\t<meta property=\"og:image:type\" content=\"image\/png\" \/>\n<meta name=\"twitter:card\" content=\"summary_large_image\" \/>\n<meta name=\"twitter:label1\" content=\"Tempo di lettura stimato\" \/>\n\t<meta name=\"twitter:data1\" content=\"2 minuti\" \/>\n<script type=\"application\/ld+json\" class=\"yoast-schema-graph\">{\"@context\":\"https:\/\/schema.org\",\"@graph\":[{\"@type\":\"WebPage\",\"@id\":\"https:\/\/www.abf.eu\/bergamo\/corsi\/serate-da-chef-i-sapori-delle-regioni-italiane-il-piemonte\/\",\"url\":\"https:\/\/www.abf.eu\/bergamo\/corsi\/serate-da-chef-i-sapori-delle-regioni-italiane-il-piemonte\/\",\"name\":\"Serate da chef: i sapori delle regioni italiane - il Piemonte - Bergamo\",\"isPartOf\":{\"@id\":\"https:\/\/www.abf.eu\/bergamo\/#website\"},\"primaryImageOfPage\":{\"@id\":\"https:\/\/www.abf.eu\/bergamo\/corsi\/serate-da-chef-i-sapori-delle-regioni-italiane-il-piemonte\/#primaryimage\"},\"image\":{\"@id\":\"https:\/\/www.abf.eu\/bergamo\/corsi\/serate-da-chef-i-sapori-delle-regioni-italiane-il-piemonte\/#primaryimage\"},\"thumbnailUrl\":\"https:\/\/www.abf.eu\/bergamo\/wp-content\/uploads\/sites\/3\/2024\/01\/Il-piemonte.png\",\"datePublished\":\"2024-01-25T08:22:11+00:00\",\"dateModified\":\"2026-04-23T09:17:14+00:00\",\"description\":\"ABF presenta \\\"serate da chef\\\": diventa chef piemontese per una sera e realizza un men\u00f9 composto da antipasto, primo e dolce.\",\"breadcrumb\":{\"@id\":\"https:\/\/www.abf.eu\/bergamo\/corsi\/serate-da-chef-i-sapori-delle-regioni-italiane-il-piemonte\/#breadcrumb\"},\"inLanguage\":\"it-IT\",\"potentialAction\":[{\"@type\":\"ReadAction\",\"target\":[\"https:\/\/www.abf.eu\/bergamo\/corsi\/serate-da-chef-i-sapori-delle-regioni-italiane-il-piemonte\/\"]}]},{\"@type\":\"ImageObject\",\"inLanguage\":\"it-IT\",\"@id\":\"https:\/\/www.abf.eu\/bergamo\/corsi\/serate-da-chef-i-sapori-delle-regioni-italiane-il-piemonte\/#primaryimage\",\"url\":\"https:\/\/www.abf.eu\/bergamo\/wp-content\/uploads\/sites\/3\/2024\/01\/Il-piemonte.png\",\"contentUrl\":\"https:\/\/www.abf.eu\/bergamo\/wp-content\/uploads\/sites\/3\/2024\/01\/Il-piemonte.png\",\"width\":1000,\"height\":666,\"caption\":\"Serate da chef: il Piemonte\"},{\"@type\":\"BreadcrumbList\",\"@id\":\"https:\/\/www.abf.eu\/bergamo\/corsi\/serate-da-chef-i-sapori-delle-regioni-italiane-il-piemonte\/#breadcrumb\",\"itemListElement\":[{\"@type\":\"ListItem\",\"position\":1,\"name\":\"Home\",\"item\":\"https:\/\/www.abf.eu\/bergamo\/\"},{\"@type\":\"ListItem\",\"position\":2,\"name\":\"Serate da chef: i sapori delle regioni italiane &#8211; il Piemonte\"}]},{\"@type\":\"WebSite\",\"@id\":\"https:\/\/www.abf.eu\/bergamo\/#website\",\"url\":\"https:\/\/www.abf.eu\/bergamo\/\",\"name\":\"Bergamo\",\"description\":\"Ecco un altro sito Abf siti\",\"potentialAction\":[{\"@type\":\"SearchAction\",\"target\":{\"@type\":\"EntryPoint\",\"urlTemplate\":\"https:\/\/www.abf.eu\/bergamo\/?s={search_term_string}\"},\"query-input\":{\"@type\":\"PropertyValueSpecification\",\"valueRequired\":true,\"valueName\":\"search_term_string\"}}],\"inLanguage\":\"it-IT\"}]}<\/script>\n<!-- \/ Yoast SEO plugin. -->","yoast_head_json":{"title":"Serate da chef: i sapori delle regioni italiane - il Piemonte - Bergamo","description":"ABF presenta \"serate da chef\": diventa chef piemontese per una sera e realizza un men\u00f9 composto da antipasto, primo e dolce.","robots":{"index":"index","follow":"follow","max-snippet":"max-snippet:-1","max-image-preview":"max-image-preview:large","max-video-preview":"max-video-preview:-1"},"canonical":"https:\/\/www.abf.eu\/bergamo\/corsi\/serate-da-chef-i-sapori-delle-regioni-italiane-il-piemonte\/","og_locale":"it_IT","og_type":"article","og_title":"Serate da chef: i sapori delle regioni italiane - il Piemonte - Bergamo","og_description":"ABF presenta \"serate da chef\": diventa chef piemontese per una sera e realizza un men\u00f9 composto da antipasto, primo e dolce.","og_url":"https:\/\/www.abf.eu\/bergamo\/corsi\/serate-da-chef-i-sapori-delle-regioni-italiane-il-piemonte\/","og_site_name":"Bergamo","article_modified_time":"2026-04-23T09:17:14+00:00","og_image":[{"width":1000,"height":666,"url":"https:\/\/www.abf.eu\/bergamo\/wp-content\/uploads\/sites\/3\/2024\/01\/Il-piemonte.png","type":"image\/png"}],"twitter_card":"summary_large_image","twitter_misc":{"Tempo di lettura stimato":"2 minuti"},"schema":{"@context":"https:\/\/schema.org","@graph":[{"@type":"WebPage","@id":"https:\/\/www.abf.eu\/bergamo\/corsi\/serate-da-chef-i-sapori-delle-regioni-italiane-il-piemonte\/","url":"https:\/\/www.abf.eu\/bergamo\/corsi\/serate-da-chef-i-sapori-delle-regioni-italiane-il-piemonte\/","name":"Serate da chef: i sapori delle regioni italiane - il Piemonte - Bergamo","isPartOf":{"@id":"https:\/\/www.abf.eu\/bergamo\/#website"},"primaryImageOfPage":{"@id":"https:\/\/www.abf.eu\/bergamo\/corsi\/serate-da-chef-i-sapori-delle-regioni-italiane-il-piemonte\/#primaryimage"},"image":{"@id":"https:\/\/www.abf.eu\/bergamo\/corsi\/serate-da-chef-i-sapori-delle-regioni-italiane-il-piemonte\/#primaryimage"},"thumbnailUrl":"https:\/\/www.abf.eu\/bergamo\/wp-content\/uploads\/sites\/3\/2024\/01\/Il-piemonte.png","datePublished":"2024-01-25T08:22:11+00:00","dateModified":"2026-04-23T09:17:14+00:00","description":"ABF presenta \"serate da chef\": diventa chef piemontese per una sera e realizza un men\u00f9 composto da antipasto, primo e dolce.","breadcrumb":{"@id":"https:\/\/www.abf.eu\/bergamo\/corsi\/serate-da-chef-i-sapori-delle-regioni-italiane-il-piemonte\/#breadcrumb"},"inLanguage":"it-IT","potentialAction":[{"@type":"ReadAction","target":["https:\/\/www.abf.eu\/bergamo\/corsi\/serate-da-chef-i-sapori-delle-regioni-italiane-il-piemonte\/"]}]},{"@type":"ImageObject","inLanguage":"it-IT","@id":"https:\/\/www.abf.eu\/bergamo\/corsi\/serate-da-chef-i-sapori-delle-regioni-italiane-il-piemonte\/#primaryimage","url":"https:\/\/www.abf.eu\/bergamo\/wp-content\/uploads\/sites\/3\/2024\/01\/Il-piemonte.png","contentUrl":"https:\/\/www.abf.eu\/bergamo\/wp-content\/uploads\/sites\/3\/2024\/01\/Il-piemonte.png","width":1000,"height":666,"caption":"Serate da chef: il Piemonte"},{"@type":"BreadcrumbList","@id":"https:\/\/www.abf.eu\/bergamo\/corsi\/serate-da-chef-i-sapori-delle-regioni-italiane-il-piemonte\/#breadcrumb","itemListElement":[{"@type":"ListItem","position":1,"name":"Home","item":"https:\/\/www.abf.eu\/bergamo\/"},{"@type":"ListItem","position":2,"name":"Serate da chef: i sapori delle regioni italiane &#8211; il Piemonte"}]},{"@type":"WebSite","@id":"https:\/\/www.abf.eu\/bergamo\/#website","url":"https:\/\/www.abf.eu\/bergamo\/","name":"Bergamo","description":"Ecco un altro sito Abf siti","potentialAction":[{"@type":"SearchAction","target":{"@type":"EntryPoint","urlTemplate":"https:\/\/www.abf.eu\/bergamo\/?s={search_term_string}"},"query-input":{"@type":"PropertyValueSpecification","valueRequired":true,"valueName":"search_term_string"}}],"inLanguage":"it-IT"}]}},"_links":{"self":[{"href":"https:\/\/www.abf.eu\/bergamo\/wp-json\/wp\/v2\/corsi\/19995","targetHints":{"allow":["GET"]}}],"collection":[{"href":"https:\/\/www.abf.eu\/bergamo\/wp-json\/wp\/v2\/corsi"}],"about":[{"href":"https:\/\/www.abf.eu\/bergamo\/wp-json\/wp\/v2\/types\/corsi"}],"wp:featuredmedia":[{"embeddable":true,"href":"https:\/\/www.abf.eu\/bergamo\/wp-json\/wp\/v2\/media\/20099"}],"wp:attachment":[{"href":"https:\/\/www.abf.eu\/bergamo\/wp-json\/wp\/v2\/media?parent=19995"}],"curies":[{"name":"wp","href":"https:\/\/api.w.org\/{rel}","templated":true}]}}

<h3 class="wp-block-heading"><strong>Arrivano da ABF le serate regionali di cucina!</strong></h3>



<h5 class="wp-block-heading"><strong>Siete pronti a conoscere tutti i sapori d’Italia?</strong></h5>



<p>Azienda Bergamasca Formazione di Bergamo, insieme alle sedi di Clusone e Treviglio, ha messo in programma per la stagione 2023-2024 le serate di cucina regionale. Saranno 3 serate per ogni sede, ogni serata tratterà una regione differente.</p>



<p>ABF Bergamo partirà con una delle regioni alpine dai sapori più &#8220;montani&#8221;: <strong>il Piemonte</strong>!<br>Le prelibatezze da poter cucinare e assaggiare sono davvero moltissime. Si va da arrosti a risotti, da ravioli a tartufi a formaggi tipici.</p>



<h5 class="wp-block-heading"><strong>Contenuti della serata</strong></h5>



<p>Durante la serata i corsisti realizzaranno, su indicazione del docente, un menù composto da antipasto, primo e dolce. Si partirà dunque con una tipica <strong>bagna cauda</strong> e si realizzeranno passo passo gli <strong>agnolotti del Plin</strong>, due piatti tipici dal gusto forte e corposo. E quale miglior dolce conclusione dei <strong>baci di dama</strong>, diffusi ormai in varie versioni in tutta Italia ma dalle radici fortemente piemontesi?</p>



<h5 class="wp-block-heading"><strong>Chi terrà il corso?</strong></h5>



<p>Il docente che terrà il corso sarà il nostro chef Baggi Walter, che con la sua esperienza vi guiderà in un viaggio culinario nelle Alpi piemontesi, con ricette da replicare poi in famiglia per lasciare tutti a bocca aperta!</p>



<h5 class="wp-block-heading"><strong>Altre informazioni</strong></h5>



<p>Il prezzo del corso è 60 euro. La serata si terrà presso la nostra sede di ABF Bergamo, in Via Monte Gleno 2, martedì 27 febbraio dalle 17:30 alle 21:30.</p>



<p>Le serate regionali non sono finite! Vi aspettiamo presto con una serata dedicata alla cucina pugliese e un’altra dedicata alla regione Sicilia. </p>



<p><strong>Per i corsisti che si iscriveranno a tutte e tre le serate è previsto il 10% di sconto</strong>. </p>



<h5 class="wp-block-heading">Contatti</h5>



<p>Per ulteriori informazioni, non esitate a contattare la segreteria al numero 035.3693723 o inviare una mail a <a href="mailto:formazione.bergamo@abf.eu" target="_blank" rel="noreferrer noopener">formazione.bergamo@abf.eu</a>.</p>



<hr class="wp-block-separator has-alpha-channel-opacity"/>



<div id="linkcontent-block_65a63c172fbf6" class="link-content ">
    <a class='animated-arrow font-weight-bold' href='https://www.abf.eu/bergamo/wp-content/uploads/sites/3/2024/01/BG-cucina-piemontese.pdf' target="_blank">
        <span class='the-arrow -left'>
            <span class='shaft'></span>
        </span>
        <span class='main'>
            <span class='text'>Scarica e condividi la locandina</span>
            <span class='the-arrow -right'>
                <span class='shaft'></span>
            </span>
        </span>
    </a>
</div>

<!-- This site is optimized with the Yoast SEO plugin v25.8 - https://yoast.com/wordpress/plugins/seo/ -->
<title>Serate da chef: i sapori delle regioni italiane - il Piemonte - Bergamo</title>
<meta name="description" content="ABF presenta &quot;serate da chef&quot;: diventa chef piemontese per una sera e realizza un menù composto da antipasto, primo e dolce." />
<meta name="robots" content="index, follow, max-snippet:-1, max-image-preview:large, max-video-preview:-1" />
<link rel="canonical" href="https://www.abf.eu/bergamo/corsi/serate-da-chef-i-sapori-delle-regioni-italiane-il-piemonte/" />
<meta property="og:locale" content="it_IT" />
<meta property="og:type" content="article" />
<meta property="og:title" content="Serate da chef: i sapori delle regioni italiane - il Piemonte - Bergamo" />
<meta property="og:description" content="ABF presenta &quot;serate da chef&quot;: diventa chef piemontese per una sera e realizza un menù composto da antipasto, primo e dolce." />
<meta property="og:url" content="https://www.abf.eu/bergamo/corsi/serate-da-chef-i-sapori-delle-regioni-italiane-il-piemonte/" />
<meta property="og:site_name" content="Bergamo" />
<meta property="article:modified_time" content="2026-04-23T09:17:14+00:00" />
<meta property="og:image" content="https://www.abf.eu/bergamo/wp-content/uploads/sites/3/2024/01/Il-piemonte.png" />
	<meta property="og:image:width" content="1000" />
	<meta property="og:image:height" content="666" />
	<meta property="og:image:type" content="image/png" />
<meta name="twitter:card" content="summary_large_image" />
<meta name="twitter:label1" content="Tempo di lettura stimato" />
	<meta name="twitter:data1" content="2 minuti" />
<script type="application/ld+json" class="yoast-schema-graph">{"@context":"https://schema.org","@graph":[{"@type":"WebPage","@id":"https://www.abf.eu/bergamo/corsi/serate-da-chef-i-sapori-delle-regioni-italiane-il-piemonte/","url":"https://www.abf.eu/bergamo/corsi/serate-da-chef-i-sapori-delle-regioni-italiane-il-piemonte/","name":"Serate da chef: i sapori delle regioni italiane - il Piemonte - Bergamo","isPartOf":{"@id":"https://www.abf.eu/bergamo/#website"},"primaryImageOfPage":{"@id":"https://www.abf.eu/bergamo/corsi/serate-da-chef-i-sapori-delle-regioni-italiane-il-piemonte/#primaryimage"},"image":{"@id":"https://www.abf.eu/bergamo/corsi/serate-da-chef-i-sapori-delle-regioni-italiane-il-piemonte/#primaryimage"},"thumbnailUrl":"https://www.abf.eu/bergamo/wp-content/uploads/sites/3/2024/01/Il-piemonte.png","datePublished":"2024-01-25T08:22:11+00:00","dateModified":"2026-04-23T09:17:14+00:00","description":"ABF presenta \"serate da chef\": diventa chef piemontese per una sera e realizza un menù composto da antipasto, primo e dolce.","breadcrumb":{"@id":"https://www.abf.eu/bergamo/corsi/serate-da-chef-i-sapori-delle-regioni-italiane-il-piemonte/#breadcrumb"},"inLanguage":"it-IT","potentialAction":[{"@type":"ReadAction","target":["https://www.abf.eu/bergamo/corsi/serate-da-chef-i-sapori-delle-regioni-italiane-il-piemonte/"]}]},{"@type":"ImageObject","inLanguage":"it-IT","@id":"https://www.abf.eu/bergamo/corsi/serate-da-chef-i-sapori-delle-regioni-italiane-il-piemonte/#primaryimage","url":"https://www.abf.eu/bergamo/wp-content/uploads/sites/3/2024/01/Il-piemonte.png","contentUrl":"https://www.abf.eu/bergamo/wp-content/uploads/sites/3/2024/01/Il-piemonte.png","width":1000,"height":666,"caption":"Serate da chef: il Piemonte"},{"@type":"BreadcrumbList","@id":"https://www.abf.eu/bergamo/corsi/serate-da-chef-i-sapori-delle-regioni-italiane-il-piemonte/#breadcrumb","itemListElement":[{"@type":"ListItem","position":1,"name":"Home","item":"https://www.abf.eu/bergamo/"},{"@type":"ListItem","position":2,"name":"Serate da chef: i sapori delle regioni italiane &#8211; il Piemonte"}]},{"@type":"WebSite","@id":"https://www.abf.eu/bergamo/#website","url":"https://www.abf.eu/bergamo/","name":"Bergamo","description":"Ecco un altro sito Abf siti","potentialAction":[{"@type":"SearchAction","target":{"@type":"EntryPoint","urlTemplate":"https://www.abf.eu/bergamo/?s={search_term_string}"},"query-input":{"@type":"PropertyValueSpecification","valueRequired":true,"valueName":"search_term_string"}}],"inLanguage":"it-IT"}]}</script>
<!-- / Yoast SEO plugin. -->

ABF presenta "serate da chef": diventa chef piemontese per una sera e realizza un menù composto da antipasto, primo e dolce.
