{"id":19999,"date":"2024-03-20T14:39:36","date_gmt":"2024-03-20T13:39:36","guid":{"rendered":"https:\/\/www.abf.eu\/bergamo\/?post_type=corsi&#038;p=19999"},"modified":"2026-04-23T11:17:14","modified_gmt":"2026-04-23T09:17:14","slug":"serate-da-chef-la-sicilia","status":"publish","type":"corsi","link":"https:\/\/www.abf.eu\/bergamo\/corsi\/serate-da-chef-la-sicilia\/","title":{"rendered":"Serate da chef: i sapori delle regioni italiane &#8211; la Sicilia"},"content":{"rendered":"\n<h3 class=\"wp-block-heading\"><strong>Arrivano da ABF le serate regionali di cucina!<\/strong><\/h3>\n\n\n\n<h5 class=\"wp-block-heading\"><strong>Siete pronti a conoscere tutti i sapori d\u2019Italia?<\/strong><\/h5>\n\n\n\n<p>Azienda Bergamasca Formazione di Bergamo, insieme alle sedi di Clusone e Treviglio, ha messo in programma per la stagione 2023-2024 le serate di cucina regionale. Saranno 3 serate per ogni sede, ogni serata tratter\u00e0 una regione differente.<\/p>\n\n\n\n<p>Le serate regionali di ABF Bergamo si concludono con una delle nostre meravigliose isole: la <strong>Sicilia<\/strong>!<\/p>\n\n\n\n<p>Le prelibatezze da poter cucinare e assaggiare sono davvero moltissime. Nel giro di poche ore vi ritroverete catapultati tra i sapori e i profumi dei nostri mari del sud!<\/p>\n\n\n\n<h5 class=\"wp-block-heading\"><strong>Contenuti della serata<\/strong><\/h5>\n\n\n\n<p>Durante la serata i corsisti realizzeranno, su indicazione del docente, un men\u00f9 composto da primo, secondo e dolce. Si partir\u00e0 dunque con una <strong>caponata di verdure<\/strong> e si realizzeranno passo passo le <strong>sarde alla beccafico<\/strong>, due piatti dai tipici profumi mediterranei. E non si pu\u00f2 che concludere con il dolce pi\u00f9 tipico (e gustoso!) della nostra Sicilia: dei meravigliosi <strong>cannoli<\/strong>!<\/p>\n\n\n\n<figure class=\"wp-block-image size-full\"><img loading=\"lazy\" decoding=\"async\" width=\"1000\" height=\"666\" src=\"https:\/\/www.abf.eu\/bergamo\/wp-content\/uploads\/sites\/3\/2024\/03\/Serate-da-chef-la-Sicilia.png\" alt=\"\" class=\"wp-image-20651\" srcset=\"https:\/\/www.abf.eu\/bergamo\/wp-content\/uploads\/sites\/3\/2024\/03\/Serate-da-chef-la-Sicilia.png 1000w, https:\/\/www.abf.eu\/bergamo\/wp-content\/uploads\/sites\/3\/2024\/03\/Serate-da-chef-la-Sicilia-300x200.png 300w, https:\/\/www.abf.eu\/bergamo\/wp-content\/uploads\/sites\/3\/2024\/03\/Serate-da-chef-la-Sicilia-768x511.png 768w, https:\/\/www.abf.eu\/bergamo\/wp-content\/uploads\/sites\/3\/2024\/03\/Serate-da-chef-la-Sicilia-600x400.png 600w\" sizes=\"auto, (max-width: 1000px) 100vw, 1000px\" \/><\/figure>\n\n\n\n<h5 class=\"wp-block-heading\"><strong>Chi terr\u00e0 il corso?<\/strong><\/h5>\n\n\n\n<p>Il docente che terr\u00e0 il corso sar\u00e0 il nostro chef Baggi Walter, che con la sua esperienza vi guider\u00e0 in un viaggio culinario sulle assolate spiagge siciliane, con ricette da replicare poi in famiglia per lasciare tutti a bocca aperta!<\/p>\n\n\n\n<h5 class=\"wp-block-heading\"><strong>Altre informazioni<\/strong><\/h5>\n\n\n\n<p>Il prezzo del corso \u00e8 60 euro. La serata si terr\u00e0 presso la nostra sede di ABF Bergamo, in Via Monte Gleno 2, marted\u00ec 11 giugno dalle 17:30 alle 21:30.<\/p>\n\n\n\n<h5 class=\"wp-block-heading\"><strong>Contatti<\/strong><\/h5>\n\n\n\n<p>Per ulteriori informazioni, non esitate a contattare la segreteria al numero 035.3693723 o inviare una mail a <a href=\"mailto:formazione.bergamo@abf.eu\" target=\"_blank\" rel=\"noreferrer noopener\">formazione.bergamo@abf.eu<\/a>.<\/p>\n\n\n\n<hr class=\"wp-block-separator has-alpha-channel-opacity\"\/>\n\n\n\n<div id=\"linkcontent-block_65f2fd53198c3\" class=\"link-content \">\n    <a class='animated-arrow font-weight-bold' href='https:\/\/www.abf.eu\/bergamo\/wp-content\/uploads\/sites\/3\/2024\/03\/BG-Serate-da-chef-la-Sicilia.pdf' target=\"_blank\">\n        <span class='the-arrow -left'>\n            <span class='shaft'><\/span>\n        <\/span>\n        <span class='main'>\n            <span class='text'>Scarica e condividi la locandina<\/span>\n            <span class='the-arrow -right'>\n                <span class='shaft'><\/span>\n            <\/span>\n        <\/span>\n    <\/a>\n<\/div>\n\n\n","protected":false},"featured_media":20650,"parent":0,"template":"","class_list":["post-19999","corsi","type-corsi","status-publish","has-post-thumbnail","hentry","macrocategoria-corsi-adulti","tipologia-corsi-cucina-e-ristorazione"],"yoast_head":"<!-- This site is optimized with the Yoast SEO plugin v25.8 - https:\/\/yoast.com\/wordpress\/plugins\/seo\/ -->\n<title>Serate da chef: i sapori delle regioni italiane - la Sicilia - Bergamo<\/title>\n<meta name=\"description\" content=\"ABF presenta &quot;serate da chef&quot;: diventa chef pugliese per una sera e realizza un men\u00f9 composto da primo, secondo e dolce.\" \/>\n<meta name=\"robots\" content=\"index, follow, max-snippet:-1, max-image-preview:large, max-video-preview:-1\" \/>\n<link rel=\"canonical\" href=\"https:\/\/www.abf.eu\/bergamo\/corsi\/serate-da-chef-la-sicilia\/\" \/>\n<meta property=\"og:locale\" content=\"it_IT\" \/>\n<meta property=\"og:type\" content=\"article\" \/>\n<meta property=\"og:title\" content=\"Serate da chef: i sapori delle regioni italiane - la Sicilia - Bergamo\" \/>\n<meta property=\"og:description\" content=\"ABF presenta &quot;serate da chef&quot;: diventa chef pugliese per una sera e realizza un men\u00f9 composto da primo, secondo e dolce.\" \/>\n<meta property=\"og:url\" content=\"https:\/\/www.abf.eu\/bergamo\/corsi\/serate-da-chef-la-sicilia\/\" \/>\n<meta property=\"og:site_name\" content=\"Bergamo\" \/>\n<meta property=\"article:modified_time\" content=\"2026-04-23T09:17:14+00:00\" \/>\n<meta property=\"og:image\" content=\"https:\/\/www.abf.eu\/bergamo\/wp-content\/uploads\/sites\/3\/2024\/03\/Cannoli.png\" \/>\n\t<meta property=\"og:image:width\" content=\"1000\" \/>\n\t<meta property=\"og:image:height\" content=\"666\" \/>\n\t<meta property=\"og:image:type\" content=\"image\/png\" \/>\n<meta name=\"twitter:card\" content=\"summary_large_image\" \/>\n<meta name=\"twitter:label1\" content=\"Tempo di lettura stimato\" \/>\n\t<meta name=\"twitter:data1\" content=\"2 minuti\" \/>\n<script type=\"application\/ld+json\" class=\"yoast-schema-graph\">{\"@context\":\"https:\/\/schema.org\",\"@graph\":[{\"@type\":\"WebPage\",\"@id\":\"https:\/\/www.abf.eu\/bergamo\/corsi\/serate-da-chef-la-sicilia\/\",\"url\":\"https:\/\/www.abf.eu\/bergamo\/corsi\/serate-da-chef-la-sicilia\/\",\"name\":\"Serate da chef: i sapori delle regioni italiane - la Sicilia - Bergamo\",\"isPartOf\":{\"@id\":\"https:\/\/www.abf.eu\/bergamo\/#website\"},\"primaryImageOfPage\":{\"@id\":\"https:\/\/www.abf.eu\/bergamo\/corsi\/serate-da-chef-la-sicilia\/#primaryimage\"},\"image\":{\"@id\":\"https:\/\/www.abf.eu\/bergamo\/corsi\/serate-da-chef-la-sicilia\/#primaryimage\"},\"thumbnailUrl\":\"https:\/\/www.abf.eu\/bergamo\/wp-content\/uploads\/sites\/3\/2024\/03\/Cannoli.png\",\"datePublished\":\"2024-03-20T13:39:36+00:00\",\"dateModified\":\"2026-04-23T09:17:14+00:00\",\"description\":\"ABF presenta \\\"serate da chef\\\": diventa chef pugliese per una sera e realizza un men\u00f9 composto da primo, secondo e dolce.\",\"breadcrumb\":{\"@id\":\"https:\/\/www.abf.eu\/bergamo\/corsi\/serate-da-chef-la-sicilia\/#breadcrumb\"},\"inLanguage\":\"it-IT\",\"potentialAction\":[{\"@type\":\"ReadAction\",\"target\":[\"https:\/\/www.abf.eu\/bergamo\/corsi\/serate-da-chef-la-sicilia\/\"]}]},{\"@type\":\"ImageObject\",\"inLanguage\":\"it-IT\",\"@id\":\"https:\/\/www.abf.eu\/bergamo\/corsi\/serate-da-chef-la-sicilia\/#primaryimage\",\"url\":\"https:\/\/www.abf.eu\/bergamo\/wp-content\/uploads\/sites\/3\/2024\/03\/Cannoli.png\",\"contentUrl\":\"https:\/\/www.abf.eu\/bergamo\/wp-content\/uploads\/sites\/3\/2024\/03\/Cannoli.png\",\"width\":1000,\"height\":666,\"caption\":\"Serate da chef-la Sicilia\"},{\"@type\":\"BreadcrumbList\",\"@id\":\"https:\/\/www.abf.eu\/bergamo\/corsi\/serate-da-chef-la-sicilia\/#breadcrumb\",\"itemListElement\":[{\"@type\":\"ListItem\",\"position\":1,\"name\":\"Home\",\"item\":\"https:\/\/www.abf.eu\/bergamo\/\"},{\"@type\":\"ListItem\",\"position\":2,\"name\":\"Serate da chef: i sapori delle regioni italiane &#8211; la Sicilia\"}]},{\"@type\":\"WebSite\",\"@id\":\"https:\/\/www.abf.eu\/bergamo\/#website\",\"url\":\"https:\/\/www.abf.eu\/bergamo\/\",\"name\":\"Bergamo\",\"description\":\"Ecco un altro sito Abf siti\",\"potentialAction\":[{\"@type\":\"SearchAction\",\"target\":{\"@type\":\"EntryPoint\",\"urlTemplate\":\"https:\/\/www.abf.eu\/bergamo\/?s={search_term_string}\"},\"query-input\":{\"@type\":\"PropertyValueSpecification\",\"valueRequired\":true,\"valueName\":\"search_term_string\"}}],\"inLanguage\":\"it-IT\"}]}<\/script>\n<!-- \/ Yoast SEO plugin. -->","yoast_head_json":{"title":"Serate da chef: i sapori delle regioni italiane - la Sicilia - Bergamo","description":"ABF presenta \"serate da chef\": diventa chef pugliese per una sera e realizza un men\u00f9 composto da primo, secondo e dolce.","robots":{"index":"index","follow":"follow","max-snippet":"max-snippet:-1","max-image-preview":"max-image-preview:large","max-video-preview":"max-video-preview:-1"},"canonical":"https:\/\/www.abf.eu\/bergamo\/corsi\/serate-da-chef-la-sicilia\/","og_locale":"it_IT","og_type":"article","og_title":"Serate da chef: i sapori delle regioni italiane - la Sicilia - Bergamo","og_description":"ABF presenta \"serate da chef\": diventa chef pugliese per una sera e realizza un men\u00f9 composto da primo, secondo e dolce.","og_url":"https:\/\/www.abf.eu\/bergamo\/corsi\/serate-da-chef-la-sicilia\/","og_site_name":"Bergamo","article_modified_time":"2026-04-23T09:17:14+00:00","og_image":[{"width":1000,"height":666,"url":"https:\/\/www.abf.eu\/bergamo\/wp-content\/uploads\/sites\/3\/2024\/03\/Cannoli.png","type":"image\/png"}],"twitter_card":"summary_large_image","twitter_misc":{"Tempo di lettura stimato":"2 minuti"},"schema":{"@context":"https:\/\/schema.org","@graph":[{"@type":"WebPage","@id":"https:\/\/www.abf.eu\/bergamo\/corsi\/serate-da-chef-la-sicilia\/","url":"https:\/\/www.abf.eu\/bergamo\/corsi\/serate-da-chef-la-sicilia\/","name":"Serate da chef: i sapori delle regioni italiane - la Sicilia - Bergamo","isPartOf":{"@id":"https:\/\/www.abf.eu\/bergamo\/#website"},"primaryImageOfPage":{"@id":"https:\/\/www.abf.eu\/bergamo\/corsi\/serate-da-chef-la-sicilia\/#primaryimage"},"image":{"@id":"https:\/\/www.abf.eu\/bergamo\/corsi\/serate-da-chef-la-sicilia\/#primaryimage"},"thumbnailUrl":"https:\/\/www.abf.eu\/bergamo\/wp-content\/uploads\/sites\/3\/2024\/03\/Cannoli.png","datePublished":"2024-03-20T13:39:36+00:00","dateModified":"2026-04-23T09:17:14+00:00","description":"ABF presenta \"serate da chef\": diventa chef pugliese per una sera e realizza un men\u00f9 composto da primo, secondo e dolce.","breadcrumb":{"@id":"https:\/\/www.abf.eu\/bergamo\/corsi\/serate-da-chef-la-sicilia\/#breadcrumb"},"inLanguage":"it-IT","potentialAction":[{"@type":"ReadAction","target":["https:\/\/www.abf.eu\/bergamo\/corsi\/serate-da-chef-la-sicilia\/"]}]},{"@type":"ImageObject","inLanguage":"it-IT","@id":"https:\/\/www.abf.eu\/bergamo\/corsi\/serate-da-chef-la-sicilia\/#primaryimage","url":"https:\/\/www.abf.eu\/bergamo\/wp-content\/uploads\/sites\/3\/2024\/03\/Cannoli.png","contentUrl":"https:\/\/www.abf.eu\/bergamo\/wp-content\/uploads\/sites\/3\/2024\/03\/Cannoli.png","width":1000,"height":666,"caption":"Serate da chef-la Sicilia"},{"@type":"BreadcrumbList","@id":"https:\/\/www.abf.eu\/bergamo\/corsi\/serate-da-chef-la-sicilia\/#breadcrumb","itemListElement":[{"@type":"ListItem","position":1,"name":"Home","item":"https:\/\/www.abf.eu\/bergamo\/"},{"@type":"ListItem","position":2,"name":"Serate da chef: i sapori delle regioni italiane &#8211; la Sicilia"}]},{"@type":"WebSite","@id":"https:\/\/www.abf.eu\/bergamo\/#website","url":"https:\/\/www.abf.eu\/bergamo\/","name":"Bergamo","description":"Ecco un altro sito Abf siti","potentialAction":[{"@type":"SearchAction","target":{"@type":"EntryPoint","urlTemplate":"https:\/\/www.abf.eu\/bergamo\/?s={search_term_string}"},"query-input":{"@type":"PropertyValueSpecification","valueRequired":true,"valueName":"search_term_string"}}],"inLanguage":"it-IT"}]}},"_links":{"self":[{"href":"https:\/\/www.abf.eu\/bergamo\/wp-json\/wp\/v2\/corsi\/19999","targetHints":{"allow":["GET"]}}],"collection":[{"href":"https:\/\/www.abf.eu\/bergamo\/wp-json\/wp\/v2\/corsi"}],"about":[{"href":"https:\/\/www.abf.eu\/bergamo\/wp-json\/wp\/v2\/types\/corsi"}],"wp:featuredmedia":[{"embeddable":true,"href":"https:\/\/www.abf.eu\/bergamo\/wp-json\/wp\/v2\/media\/20650"}],"wp:attachment":[{"href":"https:\/\/www.abf.eu\/bergamo\/wp-json\/wp\/v2\/media?parent=19999"}],"curies":[{"name":"wp","href":"https:\/\/api.w.org\/{rel}","templated":true}]}}

<h3 class="wp-block-heading"><strong>Arrivano da ABF le serate regionali di cucina!</strong></h3>



<h5 class="wp-block-heading"><strong>Siete pronti a conoscere tutti i sapori d’Italia?</strong></h5>



<p>Azienda Bergamasca Formazione di Bergamo, insieme alle sedi di Clusone e Treviglio, ha messo in programma per la stagione 2023-2024 le serate di cucina regionale. Saranno 3 serate per ogni sede, ogni serata tratterà una regione differente.</p>



<p>Le serate regionali di ABF Bergamo si concludono con una delle nostre meravigliose isole: la <strong>Sicilia</strong>!</p>



<p>Le prelibatezze da poter cucinare e assaggiare sono davvero moltissime. Nel giro di poche ore vi ritroverete catapultati tra i sapori e i profumi dei nostri mari del sud!</p>



<h5 class="wp-block-heading"><strong>Contenuti della serata</strong></h5>



<p>Durante la serata i corsisti realizzeranno, su indicazione del docente, un menù composto da primo, secondo e dolce. Si partirà dunque con una <strong>caponata di verdure</strong> e si realizzeranno passo passo le <strong>sarde alla beccafico</strong>, due piatti dai tipici profumi mediterranei. E non si può che concludere con il dolce più tipico (e gustoso!) della nostra Sicilia: dei meravigliosi <strong>cannoli</strong>!</p>



<figure class="wp-block-image size-full"><img loading="lazy" decoding="async" width="1000" height="666" src="https://www.abf.eu/bergamo/wp-content/uploads/sites/3/2024/03/Serate-da-chef-la-Sicilia.png" alt="" class="wp-image-20651" srcset="https://www.abf.eu/bergamo/wp-content/uploads/sites/3/2024/03/Serate-da-chef-la-Sicilia.png 1000w, https://www.abf.eu/bergamo/wp-content/uploads/sites/3/2024/03/Serate-da-chef-la-Sicilia-300x200.png 300w, https://www.abf.eu/bergamo/wp-content/uploads/sites/3/2024/03/Serate-da-chef-la-Sicilia-768x511.png 768w, https://www.abf.eu/bergamo/wp-content/uploads/sites/3/2024/03/Serate-da-chef-la-Sicilia-600x400.png 600w" sizes="auto, (max-width: 1000px) 100vw, 1000px" /></figure>



<h5 class="wp-block-heading"><strong>Chi terrà il corso?</strong></h5>



<p>Il docente che terrà il corso sarà il nostro chef Baggi Walter, che con la sua esperienza vi guiderà in un viaggio culinario sulle assolate spiagge siciliane, con ricette da replicare poi in famiglia per lasciare tutti a bocca aperta!</p>



<h5 class="wp-block-heading"><strong>Altre informazioni</strong></h5>



<p>Il prezzo del corso è 60 euro. La serata si terrà presso la nostra sede di ABF Bergamo, in Via Monte Gleno 2, martedì 11 giugno dalle 17:30 alle 21:30.</p>



<h5 class="wp-block-heading"><strong>Contatti</strong></h5>



<p>Per ulteriori informazioni, non esitate a contattare la segreteria al numero 035.3693723 o inviare una mail a <a href="mailto:formazione.bergamo@abf.eu" target="_blank" rel="noreferrer noopener">formazione.bergamo@abf.eu</a>.</p>



<hr class="wp-block-separator has-alpha-channel-opacity"/>



<div id="linkcontent-block_65f2fd53198c3" class="link-content ">
    <a class='animated-arrow font-weight-bold' href='https://www.abf.eu/bergamo/wp-content/uploads/sites/3/2024/03/BG-Serate-da-chef-la-Sicilia.pdf' target="_blank">
        <span class='the-arrow -left'>
            <span class='shaft'></span>
        </span>
        <span class='main'>
            <span class='text'>Scarica e condividi la locandina</span>
            <span class='the-arrow -right'>
                <span class='shaft'></span>
            </span>
        </span>
    </a>
</div>

<!-- This site is optimized with the Yoast SEO plugin v25.8 - https://yoast.com/wordpress/plugins/seo/ -->
<title>Serate da chef: i sapori delle regioni italiane - la Sicilia - Bergamo</title>
<meta name="description" content="ABF presenta &quot;serate da chef&quot;: diventa chef pugliese per una sera e realizza un menù composto da primo, secondo e dolce." />
<meta name="robots" content="index, follow, max-snippet:-1, max-image-preview:large, max-video-preview:-1" />
<link rel="canonical" href="https://www.abf.eu/bergamo/corsi/serate-da-chef-la-sicilia/" />
<meta property="og:locale" content="it_IT" />
<meta property="og:type" content="article" />
<meta property="og:title" content="Serate da chef: i sapori delle regioni italiane - la Sicilia - Bergamo" />
<meta property="og:description" content="ABF presenta &quot;serate da chef&quot;: diventa chef pugliese per una sera e realizza un menù composto da primo, secondo e dolce." />
<meta property="og:url" content="https://www.abf.eu/bergamo/corsi/serate-da-chef-la-sicilia/" />
<meta property="og:site_name" content="Bergamo" />
<meta property="article:modified_time" content="2026-04-23T09:17:14+00:00" />
<meta property="og:image" content="https://www.abf.eu/bergamo/wp-content/uploads/sites/3/2024/03/Cannoli.png" />
	<meta property="og:image:width" content="1000" />
	<meta property="og:image:height" content="666" />
	<meta property="og:image:type" content="image/png" />
<meta name="twitter:card" content="summary_large_image" />
<meta name="twitter:label1" content="Tempo di lettura stimato" />
	<meta name="twitter:data1" content="2 minuti" />
<script type="application/ld+json" class="yoast-schema-graph">{"@context":"https://schema.org","@graph":[{"@type":"WebPage","@id":"https://www.abf.eu/bergamo/corsi/serate-da-chef-la-sicilia/","url":"https://www.abf.eu/bergamo/corsi/serate-da-chef-la-sicilia/","name":"Serate da chef: i sapori delle regioni italiane - la Sicilia - Bergamo","isPartOf":{"@id":"https://www.abf.eu/bergamo/#website"},"primaryImageOfPage":{"@id":"https://www.abf.eu/bergamo/corsi/serate-da-chef-la-sicilia/#primaryimage"},"image":{"@id":"https://www.abf.eu/bergamo/corsi/serate-da-chef-la-sicilia/#primaryimage"},"thumbnailUrl":"https://www.abf.eu/bergamo/wp-content/uploads/sites/3/2024/03/Cannoli.png","datePublished":"2024-03-20T13:39:36+00:00","dateModified":"2026-04-23T09:17:14+00:00","description":"ABF presenta \"serate da chef\": diventa chef pugliese per una sera e realizza un menù composto da primo, secondo e dolce.","breadcrumb":{"@id":"https://www.abf.eu/bergamo/corsi/serate-da-chef-la-sicilia/#breadcrumb"},"inLanguage":"it-IT","potentialAction":[{"@type":"ReadAction","target":["https://www.abf.eu/bergamo/corsi/serate-da-chef-la-sicilia/"]}]},{"@type":"ImageObject","inLanguage":"it-IT","@id":"https://www.abf.eu/bergamo/corsi/serate-da-chef-la-sicilia/#primaryimage","url":"https://www.abf.eu/bergamo/wp-content/uploads/sites/3/2024/03/Cannoli.png","contentUrl":"https://www.abf.eu/bergamo/wp-content/uploads/sites/3/2024/03/Cannoli.png","width":1000,"height":666,"caption":"Serate da chef-la Sicilia"},{"@type":"BreadcrumbList","@id":"https://www.abf.eu/bergamo/corsi/serate-da-chef-la-sicilia/#breadcrumb","itemListElement":[{"@type":"ListItem","position":1,"name":"Home","item":"https://www.abf.eu/bergamo/"},{"@type":"ListItem","position":2,"name":"Serate da chef: i sapori delle regioni italiane &#8211; la Sicilia"}]},{"@type":"WebSite","@id":"https://www.abf.eu/bergamo/#website","url":"https://www.abf.eu/bergamo/","name":"Bergamo","description":"Ecco un altro sito Abf siti","potentialAction":[{"@type":"SearchAction","target":{"@type":"EntryPoint","urlTemplate":"https://www.abf.eu/bergamo/?s={search_term_string}"},"query-input":{"@type":"PropertyValueSpecification","valueRequired":true,"valueName":"search_term_string"}}],"inLanguage":"it-IT"}]}</script>
<!-- / Yoast SEO plugin. -->

ABF presenta "serate da chef": diventa chef pugliese per una sera e realizza un menù composto da primo, secondo e dolce.
