{"id":21467,"date":"2024-10-15T08:07:00","date_gmt":"2024-10-15T06:07:00","guid":{"rendered":"https:\/\/www.abf.eu\/bergamo\/?post_type=corsi&#038;p=21467"},"modified":"2025-05-08T11:49:09","modified_gmt":"2025-05-08T09:49:09","slug":"informatica-per-il-lavoro","status":"publish","type":"corsi","link":"https:\/\/www.abf.eu\/bergamo\/corsi\/informatica-per-il-lavoro\/","title":{"rendered":"Informatica per il lavoro"},"content":{"rendered":"\n<h3 class=\"wp-block-heading\"><strong>Corso di informatica per il lavoro: entra nel mondo dei pc!<\/strong><\/h3>\n\n\n\n<h5 class=\"wp-block-heading\"><strong>Un corso di 40 ore per muovere i primi passi nel mondo dell\u2019informatica<\/strong><\/h5>\n\n\n\n<p>ABF Bergamo organizza un corso di informatica che si rivolge a principianti di qualsiasi et\u00e0 e che ha come obiettivo quello di far imparare a utilizzare il computer a scopo lavorativo.<\/p>\n\n\n\n<h5 class=\"wp-block-heading\"><strong>Contenuti del corso<\/strong><\/h5>\n\n\n\n<p>Oggi l\u2019informatica \u00e8 presente in ogni aspetto della nostra quotidianit\u00e0, per questo \u00e8 importante saperne comprendere le basi. Il corso di informatica per il lavoro ha lo scopo di rendere l\u2019informatica accessibile a tutti: \u00e8 rivolto sia a coloro che vogliono imparare a usare il computer attraverso un linguaggio semplice e comprensibile sia a chi ha gi\u00e0 avuto esperienze precedenti e vorrebbe consolidare le basi delle proprie conoscenze informatiche.<\/p>\n\n\n\n<p>Durante il corso avrete modo di approcciare ed approfondire diversi temi:<\/p>\n\n\n\n<ul class=\"wp-block-list\">\n<li>Gestione dei dati,<\/li>\n\n\n\n<li>Uso e archiviazione della posta elettronica,<\/li>\n\n\n\n<li>Pacchetto office (foglio dati, videoscrittura, presentazioni),<\/li>\n\n\n\n<li>Norme di sicurezza e privacy,<\/li>\n\n\n\n<li>Applicativi Google per il lavoro.<\/li>\n<\/ul>\n\n\n\n<p>Sar\u00e0 sempre dato ampio spazio a domande, chiarimenti e approfondimenti: nessun dubbio rester\u00e0 in sospeso! Poich\u00e9 il corso si rivolge a principianti e a coloro che vogliono consolidare le proprie competenze, non \u00e8 richiesta alcuna conoscenza pregressa.<\/p>\n\n\n\n<h5 class=\"wp-block-heading\">Requisiti d&#8217;accesso<\/h5>\n\n\n\n<ul class=\"wp-block-list\">\n<li>Aver compiuto 18 anni alla data di inizio del corso;<\/li>\n\n\n\n<li>Buona comprensione della lingua italiana.<\/li>\n<\/ul>\n\n\n\n<h5 class=\"wp-block-heading\">Articolazione del corso <\/h5>\n\n\n\n<p>Le giornate e gli orari delle lezioni verranno comunicati successivamente.<\/p>\n\n\n\n<hr class=\"wp-block-separator has-alpha-channel-opacity\"\/>\n\n\n\n<h2 class=\"wp-block-heading\">Sei disoccupato?<\/h2>\n\n\n\n<p>Scopri i corsi che puoi frequentare gratuitamente grazie al&nbsp; <a href=\"https:\/\/www.abf.eu\/programma-gol\/\">Programma GOL (Garanzia di Occupabilit\u00e0 dei Lavoratori)<\/a>.<\/p>\n\n\n\n<div style=\"height:15px\" aria-hidden=\"true\" class=\"wp-block-spacer\"><\/div>\n\n\n\n<div id=\"linkcontent-block_681c7c2b6e8c5\" class=\"link-content \">\n    <a class='animated-arrow font-weight-bold' href='https:\/\/www.abf.eu\/programma-gol\/' target=\"_blank\">\n        <span class='the-arrow -left'>\n            <span class='shaft'><\/span>\n        <\/span>\n        <span class='main'>\n            <span class='text'>Ulteriori informazioni sul Programma GOL<\/span>\n            <span class='the-arrow -right'>\n                <span class='shaft'><\/span>\n            <\/span>\n        <\/span>\n    <\/a>\n<\/div>\n\n\n\n\n\n<hr class=\"wp-block-separator has-alpha-channel-opacity\"\/>\n\n\n\n<h5 class=\"wp-block-heading\"><strong>Certificazione<\/strong><\/h5>\n\n\n\n<p>Al termine del corso sar\u00e0 rilasciato un Attestato di Competenze ai sensi del Quadro Regionale degli Standard Professionali (QRSP), rilasciato previo superamento della prova finale e raggiungimento della frequenza minima del 75%.<\/p>\n\n\n\n<p>Per gli interessati \u00e8 possibile anche aderire al progetto EIPASS per conseguire il passaporto europeo di informatica.<\/p>\n\n\n\n<div id=\"linkcontent-block_669793a21552d\" class=\"link-content \">\n    <a class='animated-arrow font-weight-bold' href='https:\/\/www.abf.eu\/eipass-abf\/' target=\"_blank\">\n        <span class='the-arrow -left'>\n            <span class='shaft'><\/span>\n        <\/span>\n        <span class='main'>\n            <span class='text'>Scopri EIPASS<\/span>\n            <span class='the-arrow -right'>\n                <span class='shaft'><\/span>\n            <\/span>\n        <\/span>\n    <\/a>\n<\/div>\n\n\n\n\n\n<div style=\"height:25px\" aria-hidden=\"true\" class=\"wp-block-spacer\"><\/div>\n\n\n\n<h5 class=\"wp-block-heading\">Contatti<\/h5>\n\n\n\n<p>Per avere ulteriori informazioni sul corso non esitate a contattarci allo 035.3693 723 o mandate una mail a <em><a href=\"mailto:formazione.bergamo@abf.eu\">formazione.bergamo@abf.eu<\/a>.<\/em><\/p>\n\n\n\n<hr class=\"wp-block-separator has-alpha-channel-opacity\"\/>\n\n\n\n<div id=\"linkcontent-block_669797741552e\" class=\"link-content \">\n    <a class='animated-arrow font-weight-bold' href='https:\/\/www.abf.eu\/bergamo\/wp-content\/uploads\/sites\/3\/2024\/10\/BG-Informatica-per-il-lavoro-no-gol.pdf' target=\"_blank\">\n        <span class='the-arrow -left'>\n            <span class='shaft'><\/span>\n        <\/span>\n        <span class='main'>\n            <span class='text'>Scarica e condividi la locandina<\/span>\n            <span class='the-arrow -right'>\n                <span class='shaft'><\/span>\n            <\/span>\n        <\/span>\n    <\/a>\n<\/div>\n\n\n","protected":false},"featured_media":14891,"parent":0,"template":"","class_list":["post-21467","corsi","type-corsi","status-publish","has-post-thumbnail","hentry","macrocategoria-corsi-adulti","tipologia-corsi-informatica"],"yoast_head":"<!-- This site is optimized with the Yoast SEO plugin v25.8 - https:\/\/yoast.com\/wordpress\/plugins\/seo\/ -->\n<title>Informatica per il lavoro - Bergamo<\/title>\n<meta name=\"description\" content=\"Impara le basi dell&#039;informatica e scopri come utilizzare al meglio il tuo computer con questo corso di informatica per il lavoro.\" \/>\n<meta name=\"robots\" content=\"index, follow, max-snippet:-1, max-image-preview:large, max-video-preview:-1\" \/>\n<link rel=\"canonical\" href=\"https:\/\/www.abf.eu\/bergamo\/corsi\/informatica-per-il-lavoro\/\" \/>\n<meta property=\"og:locale\" content=\"it_IT\" \/>\n<meta property=\"og:type\" content=\"article\" \/>\n<meta property=\"og:title\" content=\"Informatica per il lavoro - Bergamo\" \/>\n<meta property=\"og:description\" content=\"Impara le basi dell&#039;informatica e scopri come utilizzare al meglio il tuo computer con questo corso di informatica per il lavoro.\" \/>\n<meta property=\"og:url\" content=\"https:\/\/www.abf.eu\/bergamo\/corsi\/informatica-per-il-lavoro\/\" \/>\n<meta property=\"og:site_name\" content=\"Bergamo\" \/>\n<meta property=\"article:modified_time\" content=\"2025-05-08T09:49:09+00:00\" \/>\n<meta property=\"og:image\" content=\"https:\/\/www.abf.eu\/bergamo\/wp-content\/uploads\/sites\/3\/2020\/11\/ABF-corso-informatica.jpg\" \/>\n\t<meta property=\"og:image:width\" content=\"1440\" \/>\n\t<meta property=\"og:image:height\" content=\"960\" \/>\n\t<meta property=\"og:image:type\" content=\"image\/jpeg\" \/>\n<meta name=\"twitter:card\" content=\"summary_large_image\" \/>\n<meta name=\"twitter:label1\" content=\"Tempo di lettura stimato\" \/>\n\t<meta name=\"twitter:data1\" content=\"2 minuti\" \/>\n<script type=\"application\/ld+json\" class=\"yoast-schema-graph\">{\"@context\":\"https:\/\/schema.org\",\"@graph\":[{\"@type\":\"WebPage\",\"@id\":\"https:\/\/www.abf.eu\/bergamo\/corsi\/informatica-per-il-lavoro\/\",\"url\":\"https:\/\/www.abf.eu\/bergamo\/corsi\/informatica-per-il-lavoro\/\",\"name\":\"Informatica per il lavoro - Bergamo\",\"isPartOf\":{\"@id\":\"https:\/\/www.abf.eu\/bergamo\/#website\"},\"primaryImageOfPage\":{\"@id\":\"https:\/\/www.abf.eu\/bergamo\/corsi\/informatica-per-il-lavoro\/#primaryimage\"},\"image\":{\"@id\":\"https:\/\/www.abf.eu\/bergamo\/corsi\/informatica-per-il-lavoro\/#primaryimage\"},\"thumbnailUrl\":\"https:\/\/www.abf.eu\/bergamo\/wp-content\/uploads\/sites\/3\/2020\/11\/ABF-corso-informatica.jpg\",\"datePublished\":\"2024-10-15T06:07:00+00:00\",\"dateModified\":\"2025-05-08T09:49:09+00:00\",\"description\":\"Impara le basi dell'informatica e scopri come utilizzare al meglio il tuo computer con questo corso di informatica per il lavoro.\",\"breadcrumb\":{\"@id\":\"https:\/\/www.abf.eu\/bergamo\/corsi\/informatica-per-il-lavoro\/#breadcrumb\"},\"inLanguage\":\"it-IT\",\"potentialAction\":[{\"@type\":\"ReadAction\",\"target\":[\"https:\/\/www.abf.eu\/bergamo\/corsi\/informatica-per-il-lavoro\/\"]}]},{\"@type\":\"ImageObject\",\"inLanguage\":\"it-IT\",\"@id\":\"https:\/\/www.abf.eu\/bergamo\/corsi\/informatica-per-il-lavoro\/#primaryimage\",\"url\":\"https:\/\/www.abf.eu\/bergamo\/wp-content\/uploads\/sites\/3\/2020\/11\/ABF-corso-informatica.jpg\",\"contentUrl\":\"https:\/\/www.abf.eu\/bergamo\/wp-content\/uploads\/sites\/3\/2020\/11\/ABF-corso-informatica.jpg\",\"width\":1440,\"height\":960},{\"@type\":\"BreadcrumbList\",\"@id\":\"https:\/\/www.abf.eu\/bergamo\/corsi\/informatica-per-il-lavoro\/#breadcrumb\",\"itemListElement\":[{\"@type\":\"ListItem\",\"position\":1,\"name\":\"Home\",\"item\":\"https:\/\/www.abf.eu\/bergamo\/\"},{\"@type\":\"ListItem\",\"position\":2,\"name\":\"Informatica per il lavoro\"}]},{\"@type\":\"WebSite\",\"@id\":\"https:\/\/www.abf.eu\/bergamo\/#website\",\"url\":\"https:\/\/www.abf.eu\/bergamo\/\",\"name\":\"Bergamo\",\"description\":\"Ecco un altro sito Abf siti\",\"potentialAction\":[{\"@type\":\"SearchAction\",\"target\":{\"@type\":\"EntryPoint\",\"urlTemplate\":\"https:\/\/www.abf.eu\/bergamo\/?s={search_term_string}\"},\"query-input\":{\"@type\":\"PropertyValueSpecification\",\"valueRequired\":true,\"valueName\":\"search_term_string\"}}],\"inLanguage\":\"it-IT\"}]}<\/script>\n<!-- \/ Yoast SEO plugin. -->","yoast_head_json":{"title":"Informatica per il lavoro - Bergamo","description":"Impara le basi dell'informatica e scopri come utilizzare al meglio il tuo computer con questo corso di informatica per il lavoro.","robots":{"index":"index","follow":"follow","max-snippet":"max-snippet:-1","max-image-preview":"max-image-preview:large","max-video-preview":"max-video-preview:-1"},"canonical":"https:\/\/www.abf.eu\/bergamo\/corsi\/informatica-per-il-lavoro\/","og_locale":"it_IT","og_type":"article","og_title":"Informatica per il lavoro - Bergamo","og_description":"Impara le basi dell'informatica e scopri come utilizzare al meglio il tuo computer con questo corso di informatica per il lavoro.","og_url":"https:\/\/www.abf.eu\/bergamo\/corsi\/informatica-per-il-lavoro\/","og_site_name":"Bergamo","article_modified_time":"2025-05-08T09:49:09+00:00","og_image":[{"width":1440,"height":960,"url":"https:\/\/www.abf.eu\/bergamo\/wp-content\/uploads\/sites\/3\/2020\/11\/ABF-corso-informatica.jpg","type":"image\/jpeg"}],"twitter_card":"summary_large_image","twitter_misc":{"Tempo di lettura stimato":"2 minuti"},"schema":{"@context":"https:\/\/schema.org","@graph":[{"@type":"WebPage","@id":"https:\/\/www.abf.eu\/bergamo\/corsi\/informatica-per-il-lavoro\/","url":"https:\/\/www.abf.eu\/bergamo\/corsi\/informatica-per-il-lavoro\/","name":"Informatica per il lavoro - Bergamo","isPartOf":{"@id":"https:\/\/www.abf.eu\/bergamo\/#website"},"primaryImageOfPage":{"@id":"https:\/\/www.abf.eu\/bergamo\/corsi\/informatica-per-il-lavoro\/#primaryimage"},"image":{"@id":"https:\/\/www.abf.eu\/bergamo\/corsi\/informatica-per-il-lavoro\/#primaryimage"},"thumbnailUrl":"https:\/\/www.abf.eu\/bergamo\/wp-content\/uploads\/sites\/3\/2020\/11\/ABF-corso-informatica.jpg","datePublished":"2024-10-15T06:07:00+00:00","dateModified":"2025-05-08T09:49:09+00:00","description":"Impara le basi dell'informatica e scopri come utilizzare al meglio il tuo computer con questo corso di informatica per il lavoro.","breadcrumb":{"@id":"https:\/\/www.abf.eu\/bergamo\/corsi\/informatica-per-il-lavoro\/#breadcrumb"},"inLanguage":"it-IT","potentialAction":[{"@type":"ReadAction","target":["https:\/\/www.abf.eu\/bergamo\/corsi\/informatica-per-il-lavoro\/"]}]},{"@type":"ImageObject","inLanguage":"it-IT","@id":"https:\/\/www.abf.eu\/bergamo\/corsi\/informatica-per-il-lavoro\/#primaryimage","url":"https:\/\/www.abf.eu\/bergamo\/wp-content\/uploads\/sites\/3\/2020\/11\/ABF-corso-informatica.jpg","contentUrl":"https:\/\/www.abf.eu\/bergamo\/wp-content\/uploads\/sites\/3\/2020\/11\/ABF-corso-informatica.jpg","width":1440,"height":960},{"@type":"BreadcrumbList","@id":"https:\/\/www.abf.eu\/bergamo\/corsi\/informatica-per-il-lavoro\/#breadcrumb","itemListElement":[{"@type":"ListItem","position":1,"name":"Home","item":"https:\/\/www.abf.eu\/bergamo\/"},{"@type":"ListItem","position":2,"name":"Informatica per il lavoro"}]},{"@type":"WebSite","@id":"https:\/\/www.abf.eu\/bergamo\/#website","url":"https:\/\/www.abf.eu\/bergamo\/","name":"Bergamo","description":"Ecco un altro sito Abf siti","potentialAction":[{"@type":"SearchAction","target":{"@type":"EntryPoint","urlTemplate":"https:\/\/www.abf.eu\/bergamo\/?s={search_term_string}"},"query-input":{"@type":"PropertyValueSpecification","valueRequired":true,"valueName":"search_term_string"}}],"inLanguage":"it-IT"}]}},"_links":{"self":[{"href":"https:\/\/www.abf.eu\/bergamo\/wp-json\/wp\/v2\/corsi\/21467","targetHints":{"allow":["GET"]}}],"collection":[{"href":"https:\/\/www.abf.eu\/bergamo\/wp-json\/wp\/v2\/corsi"}],"about":[{"href":"https:\/\/www.abf.eu\/bergamo\/wp-json\/wp\/v2\/types\/corsi"}],"wp:featuredmedia":[{"embeddable":true,"href":"https:\/\/www.abf.eu\/bergamo\/wp-json\/wp\/v2\/media\/14891"}],"wp:attachment":[{"href":"https:\/\/www.abf.eu\/bergamo\/wp-json\/wp\/v2\/media?parent=21467"}],"curies":[{"name":"wp","href":"https:\/\/api.w.org\/{rel}","templated":true}]}}

<h3 class="wp-block-heading"><strong>Corso di informatica per il lavoro: entra nel mondo dei pc!</strong></h3>



<h5 class="wp-block-heading"><strong>Un corso di 40 ore per muovere i primi passi nel mondo dell’informatica</strong></h5>



<p>ABF Bergamo organizza un corso di informatica che si rivolge a principianti di qualsiasi età e che ha come obiettivo quello di far imparare a utilizzare il computer a scopo lavorativo.</p>



<h5 class="wp-block-heading"><strong>Contenuti del corso</strong></h5>



<p>Oggi l’informatica è presente in ogni aspetto della nostra quotidianità, per questo è importante saperne comprendere le basi. Il corso di informatica per il lavoro ha lo scopo di rendere l’informatica accessibile a tutti: è rivolto sia a coloro che vogliono imparare a usare il computer attraverso un linguaggio semplice e comprensibile sia a chi ha già avuto esperienze precedenti e vorrebbe consolidare le basi delle proprie conoscenze informatiche.</p>



<p>Durante il corso avrete modo di approcciare ed approfondire diversi temi:</p>



<ul class="wp-block-list">
<li>Gestione dei dati,</li>



<li>Uso e archiviazione della posta elettronica,</li>



<li>Pacchetto office (foglio dati, videoscrittura, presentazioni),</li>



<li>Norme di sicurezza e privacy,</li>



<li>Applicativi Google per il lavoro.</li>
</ul>



<p>Sarà sempre dato ampio spazio a domande, chiarimenti e approfondimenti: nessun dubbio resterà in sospeso! Poiché il corso si rivolge a principianti e a coloro che vogliono consolidare le proprie competenze, non è richiesta alcuna conoscenza pregressa.</p>



<h5 class="wp-block-heading">Requisiti d&#8217;accesso</h5>



<ul class="wp-block-list">
<li>Aver compiuto 18 anni alla data di inizio del corso;</li>



<li>Buona comprensione della lingua italiana.</li>
</ul>



<h5 class="wp-block-heading">Articolazione del corso </h5>



<p>Le giornate e gli orari delle lezioni verranno comunicati successivamente.</p>



<hr class="wp-block-separator has-alpha-channel-opacity"/>



<h2 class="wp-block-heading">Sei disoccupato?</h2>



<p>Scopri i corsi che puoi frequentare gratuitamente grazie al&nbsp; <a href="https://www.abf.eu/programma-gol/">Programma GOL (Garanzia di Occupabilità dei Lavoratori)</a>.</p>



<div style="height:15px" aria-hidden="true" class="wp-block-spacer"></div>



<div id="linkcontent-block_681c7c2b6e8c5" class="link-content ">
    <a class='animated-arrow font-weight-bold' href='https://www.abf.eu/programma-gol/' target="_blank">
        <span class='the-arrow -left'>
            <span class='shaft'></span>
        </span>
        <span class='main'>
            <span class='text'>Ulteriori informazioni sul Programma GOL</span>
            <span class='the-arrow -right'>
                <span class='shaft'></span>
            </span>
        </span>
    </a>
</div>





<hr class="wp-block-separator has-alpha-channel-opacity"/>



<h5 class="wp-block-heading"><strong>Certificazione</strong></h5>



<p>Al termine del corso sarà rilasciato un Attestato di Competenze ai sensi del Quadro Regionale degli Standard Professionali (QRSP), rilasciato previo superamento della prova finale e raggiungimento della frequenza minima del 75%.</p>



<p>Per gli interessati è possibile anche aderire al progetto EIPASS per conseguire il passaporto europeo di informatica.</p>



<div id="linkcontent-block_669793a21552d" class="link-content ">
    <a class='animated-arrow font-weight-bold' href='https://www.abf.eu/eipass-abf/' target="_blank">
        <span class='the-arrow -left'>
            <span class='shaft'></span>
        </span>
        <span class='main'>
            <span class='text'>Scopri EIPASS</span>
            <span class='the-arrow -right'>
                <span class='shaft'></span>
            </span>
        </span>
    </a>
</div>





<div style="height:25px" aria-hidden="true" class="wp-block-spacer"></div>



<h5 class="wp-block-heading">Contatti</h5>



<p>Per avere ulteriori informazioni sul corso non esitate a contattarci allo 035.3693 723 o mandate una mail a <em><a href="mailto:formazione.bergamo@abf.eu">formazione.bergamo@abf.eu</a>.</em></p>



<hr class="wp-block-separator has-alpha-channel-opacity"/>



<div id="linkcontent-block_669797741552e" class="link-content ">
    <a class='animated-arrow font-weight-bold' href='https://www.abf.eu/bergamo/wp-content/uploads/sites/3/2024/10/BG-Informatica-per-il-lavoro-no-gol.pdf' target="_blank">
        <span class='the-arrow -left'>
            <span class='shaft'></span>
        </span>
        <span class='main'>
            <span class='text'>Scarica e condividi la locandina</span>
            <span class='the-arrow -right'>
                <span class='shaft'></span>
            </span>
        </span>
    </a>
</div>
