{"id":25093,"date":"2026-02-16T09:41:07","date_gmt":"2026-02-16T08:41:07","guid":{"rendered":"https:\/\/www.abf.eu\/bergamo\/?post_type=corsi&#038;p=25093"},"modified":"2026-04-23T11:17:29","modified_gmt":"2026-04-23T09:17:29","slug":"estetista-biennio","status":"publish","type":"corsi","link":"https:\/\/www.abf.eu\/bergamo\/corsi\/estetista-biennio\/","title":{"rendered":"Estetista biennio"},"content":{"rendered":"\n<h3 class=\"wp-block-heading\">Iscriviti al 1\u00b0 anno del corso biennale di estetista per qualificarti in modo professionale nel settore benessere.<\/h3>\n\n\n\n<h5 class=\"wp-block-heading\"><strong>Profilo professionale<\/strong><\/h5>\n\n\n\n<p>ABF Bergamo propone un <strong>corso biennale di estetista<\/strong> finalizzato allo sviluppo della figura professionale dell\u2019estetista, in grado \u201c<em>di eseguire trattamenti sulla superficie del corpo umano al fine esclusivo di mantenerlo in stato ottimale, di migliorarne e proteggerne l\u2019aspetto estetico attraverso l\u2019eliminazione o l\u2019attenuazione degli inestetismi presenti<\/em>\u201c.<\/p>\n\n\n\n<p>L&#8217;estetista svolge la sua attivit\u00e0 mediante tecniche manuali, utilizza apparecchi elettromeccanici per uso estetico e applica prodotti cosmetici secondo le normative vigenti, trovando impiego presso laboratori di estetica, centri benessere, stabilimenti termali e studi medici specializzati.<\/p>\n\n\n\n<h5 class=\"wp-block-heading\"><strong>Contenuti<\/strong><\/h5>\n\n\n\n<p>Il corso biennale di Estetista prevede un&#8217;organizzazione di<strong>&nbsp;900 ore annue<\/strong>, suddivise 540 ore di aula e laboratorio, 360 ore di stage per ciascuna annualit\u00e0 da svolgersi presso aziende del settore. Per un totale di <strong>1800 ore all&#8217;interno del biennio<\/strong>. <\/p>\n\n\n\n<p>Le discipline teorico\/pratiche che si svolgeranno in sede sono:<\/p>\n\n\n\n<ul class=\"wp-block-list\">\n<li>Laboratorio di Estetica;<\/li>\n\n\n\n<li>Teoria Professionale;<\/li>\n\n\n\n<li>Igiene-Fisiologia-Anatomia;<\/li>\n\n\n\n<li>Organizzazione aziendale e Diritto;<\/li>\n\n\n\n<li>Informatica;<\/li>\n\n\n\n<li>Elementi di Chimica;<\/li>\n\n\n\n<li>Fisica e cosmetologia;<\/li>\n\n\n\n<li>Make-up.<\/li>\n<\/ul>\n\n\n\n<h5 class=\"wp-block-heading\"><strong>Certificazione<\/strong><\/h5>\n\n\n\n<p>Al termine del corso biennale di Estetista verr\u00e0 rilasciato un <strong>attestato di competenze regionale<\/strong> per coloro che avranno raggiunto gli obiettivi previsti.<\/p>\n\n\n\n<h5 class=\"wp-block-heading\"><strong>Requisiti d\u2019accesso<\/strong><\/h5>\n\n\n\n<p>Il corso biennale di Estetista \u00e8 aperto a tutti coloro che soddisfano i seguenti requisiti:<\/p>\n\n\n\n<ul class=\"wp-block-list\">\n<li>Maggiore et\u00e0;<\/li>\n\n\n\n<li>Diploma di licenza media inferiore;<\/li>\n\n\n\n<li>Per gli stranieri extracomunitari dichiarazione di valore e traduzione del titolo di studio (d.g.r. n. 5101\/04) presso l\u2019Ambasciata italiana del Paese d\u2019origine;<\/li>\n\n\n\n<li>Per i corsisti stranieri Permesso di soggiorno in corso di validit\u00e0 e buona conoscenza della lingua italiana.<\/li>\n<\/ul>\n\n\n\n<h5 class=\"wp-block-heading\">Ulteriori informazioni<\/h5>\n\n\n\n<ul class=\"wp-block-list\">\n<li>Costo: <strong>2050\u20ac per annualit\u00e0<\/strong><\/li>\n\n\n\n<li>Orario lezioni: <strong>da luned\u00ec a venerd\u00ec dalle 19:30 alle 22:30<\/strong><\/li>\n\n\n\n<li><strong>Frequenza obbligatoria<\/strong> (le assenze superiori al 25% escludono il passaggio al secondo anno o la presentazione all\u2019esame).<\/li>\n<\/ul>\n\n\n\n<p>Per il conseguimento dell\u2019abilitazione professionale all\u2019esercizio dell\u2019attivit\u00e0 di estetista (titolarit\u00e0 della licenza) \u00e8 previsto il <strong>corso di specializzazione dopo il biennio <\/strong>(legge n. 1\/1990).<\/p>\n\n\n\n<h3 class=\"wp-block-heading\">Puoi iscriverti alla prima annualit\u00e0 direttamente online, cliccando sul pulsante \u201cISCRIVITI\u201d sottostante.<\/h3>\n\n\n\n<div style=\"height:30px\" aria-hidden=\"true\" class=\"wp-block-spacer\"><\/div>\n\n\n\n<h5 class=\"wp-block-heading\">Contatti<\/h5>\n\n\n\n<p>Per ulteriori informazioni puoi contattare telefonicamente la segreteria allo 0353693736 o scrivere una mail a <a href=\"mailto:formazione.bergamo@abf.eu\" target=\"_blank\" rel=\"noreferrer noopener\">formazione.bergamo@abf.eu<\/a>.<\/p>\n\n\n\n<hr class=\"wp-block-separator has-alpha-channel-opacity\"\/>\n\n\n\n<div id=\"linkcontent-block_67174c5998f80\" class=\"link-content \">\n    <a class='animated-arrow font-weight-bold' href='https:\/\/www.abf.eu\/bergamo\/wp-content\/uploads\/sites\/3\/2026\/01\/BG-Estetista-.pdf' target=\"_blank\">\n        <span class='the-arrow -left'>\n            <span class='shaft'><\/span>\n        <\/span>\n        <span class='main'>\n            <span class='text'>Scarica e condividi la locandina<\/span>\n            <span class='the-arrow -right'>\n                <span class='shaft'><\/span>\n            <\/span>\n        <\/span>\n    <\/a>\n<\/div>\n\n\n\n\n\n<p><\/p>\n","protected":false},"featured_media":16082,"parent":0,"template":"","class_list":["post-25093","corsi","type-corsi","status-publish","has-post-thumbnail","hentry","macrocategoria-corsi-adulti","tipologia-corsi-benessere-estetica"],"yoast_head":"<!-- This site is optimized with the Yoast SEO plugin v25.8 - https:\/\/yoast.com\/wordpress\/plugins\/seo\/ -->\n<title>Estetista biennio - Bergamo<\/title>\n<meta name=\"description\" content=\"ABF ripropone il corso biennale di estetista presso la sede di Bergamo. Qualificati in modo professionale nel settore benessere!\" \/>\n<meta name=\"robots\" content=\"index, follow, max-snippet:-1, max-image-preview:large, max-video-preview:-1\" \/>\n<link rel=\"canonical\" href=\"https:\/\/www.abf.eu\/bergamo\/corsi\/estetista-biennio\/\" \/>\n<meta property=\"og:locale\" content=\"it_IT\" \/>\n<meta property=\"og:type\" content=\"article\" \/>\n<meta property=\"og:title\" content=\"Estetista biennio - Bergamo\" \/>\n<meta property=\"og:description\" content=\"ABF ripropone il corso biennale di estetista presso la sede di Bergamo. Qualificati in modo professionale nel settore benessere!\" \/>\n<meta property=\"og:url\" content=\"https:\/\/www.abf.eu\/bergamo\/corsi\/estetista-biennio\/\" \/>\n<meta property=\"og:site_name\" content=\"Bergamo\" \/>\n<meta property=\"article:modified_time\" content=\"2026-04-23T09:17:29+00:00\" \/>\n<meta property=\"og:image\" content=\"https:\/\/www.abf.eu\/bergamo\/wp-content\/uploads\/sites\/3\/2021\/02\/ABF-benessere-estetica-02-e1684320658320.jpg\" \/>\n\t<meta property=\"og:image:width\" content=\"1001\" \/>\n\t<meta property=\"og:image:height\" content=\"667\" \/>\n\t<meta property=\"og:image:type\" content=\"image\/jpeg\" \/>\n<meta name=\"twitter:card\" content=\"summary_large_image\" \/>\n<meta name=\"twitter:label1\" content=\"Tempo di lettura stimato\" \/>\n\t<meta name=\"twitter:data1\" content=\"3 minuti\" \/>\n<script type=\"application\/ld+json\" class=\"yoast-schema-graph\">{\"@context\":\"https:\/\/schema.org\",\"@graph\":[{\"@type\":\"WebPage\",\"@id\":\"https:\/\/www.abf.eu\/bergamo\/corsi\/estetista-biennio\/\",\"url\":\"https:\/\/www.abf.eu\/bergamo\/corsi\/estetista-biennio\/\",\"name\":\"Estetista biennio - Bergamo\",\"isPartOf\":{\"@id\":\"https:\/\/www.abf.eu\/bergamo\/#website\"},\"primaryImageOfPage\":{\"@id\":\"https:\/\/www.abf.eu\/bergamo\/corsi\/estetista-biennio\/#primaryimage\"},\"image\":{\"@id\":\"https:\/\/www.abf.eu\/bergamo\/corsi\/estetista-biennio\/#primaryimage\"},\"thumbnailUrl\":\"https:\/\/www.abf.eu\/bergamo\/wp-content\/uploads\/sites\/3\/2021\/02\/ABF-benessere-estetica-02-e1684320658320.jpg\",\"datePublished\":\"2026-02-16T08:41:07+00:00\",\"dateModified\":\"2026-04-23T09:17:29+00:00\",\"description\":\"ABF ripropone il corso biennale di estetista presso la sede di Bergamo. Qualificati in modo professionale nel settore benessere!\",\"breadcrumb\":{\"@id\":\"https:\/\/www.abf.eu\/bergamo\/corsi\/estetista-biennio\/#breadcrumb\"},\"inLanguage\":\"it-IT\",\"potentialAction\":[{\"@type\":\"ReadAction\",\"target\":[\"https:\/\/www.abf.eu\/bergamo\/corsi\/estetista-biennio\/\"]}]},{\"@type\":\"ImageObject\",\"inLanguage\":\"it-IT\",\"@id\":\"https:\/\/www.abf.eu\/bergamo\/corsi\/estetista-biennio\/#primaryimage\",\"url\":\"https:\/\/www.abf.eu\/bergamo\/wp-content\/uploads\/sites\/3\/2021\/02\/ABF-benessere-estetica-02-e1684320658320.jpg\",\"contentUrl\":\"https:\/\/www.abf.eu\/bergamo\/wp-content\/uploads\/sites\/3\/2021\/02\/ABF-benessere-estetica-02-e1684320658320.jpg\",\"width\":1001,\"height\":667,\"caption\":\"Corso biennale di estetista\"},{\"@type\":\"BreadcrumbList\",\"@id\":\"https:\/\/www.abf.eu\/bergamo\/corsi\/estetista-biennio\/#breadcrumb\",\"itemListElement\":[{\"@type\":\"ListItem\",\"position\":1,\"name\":\"Home\",\"item\":\"https:\/\/www.abf.eu\/bergamo\/\"},{\"@type\":\"ListItem\",\"position\":2,\"name\":\"Estetista biennio\"}]},{\"@type\":\"WebSite\",\"@id\":\"https:\/\/www.abf.eu\/bergamo\/#website\",\"url\":\"https:\/\/www.abf.eu\/bergamo\/\",\"name\":\"Bergamo\",\"description\":\"Ecco un altro sito Abf siti\",\"potentialAction\":[{\"@type\":\"SearchAction\",\"target\":{\"@type\":\"EntryPoint\",\"urlTemplate\":\"https:\/\/www.abf.eu\/bergamo\/?s={search_term_string}\"},\"query-input\":{\"@type\":\"PropertyValueSpecification\",\"valueRequired\":true,\"valueName\":\"search_term_string\"}}],\"inLanguage\":\"it-IT\"}]}<\/script>\n<!-- \/ Yoast SEO plugin. -->","yoast_head_json":{"title":"Estetista biennio - Bergamo","description":"ABF ripropone il corso biennale di estetista presso la sede di Bergamo. Qualificati in modo professionale nel settore benessere!","robots":{"index":"index","follow":"follow","max-snippet":"max-snippet:-1","max-image-preview":"max-image-preview:large","max-video-preview":"max-video-preview:-1"},"canonical":"https:\/\/www.abf.eu\/bergamo\/corsi\/estetista-biennio\/","og_locale":"it_IT","og_type":"article","og_title":"Estetista biennio - Bergamo","og_description":"ABF ripropone il corso biennale di estetista presso la sede di Bergamo. Qualificati in modo professionale nel settore benessere!","og_url":"https:\/\/www.abf.eu\/bergamo\/corsi\/estetista-biennio\/","og_site_name":"Bergamo","article_modified_time":"2026-04-23T09:17:29+00:00","og_image":[{"width":1001,"height":667,"url":"https:\/\/www.abf.eu\/bergamo\/wp-content\/uploads\/sites\/3\/2021\/02\/ABF-benessere-estetica-02-e1684320658320.jpg","type":"image\/jpeg"}],"twitter_card":"summary_large_image","twitter_misc":{"Tempo di lettura stimato":"3 minuti"},"schema":{"@context":"https:\/\/schema.org","@graph":[{"@type":"WebPage","@id":"https:\/\/www.abf.eu\/bergamo\/corsi\/estetista-biennio\/","url":"https:\/\/www.abf.eu\/bergamo\/corsi\/estetista-biennio\/","name":"Estetista biennio - Bergamo","isPartOf":{"@id":"https:\/\/www.abf.eu\/bergamo\/#website"},"primaryImageOfPage":{"@id":"https:\/\/www.abf.eu\/bergamo\/corsi\/estetista-biennio\/#primaryimage"},"image":{"@id":"https:\/\/www.abf.eu\/bergamo\/corsi\/estetista-biennio\/#primaryimage"},"thumbnailUrl":"https:\/\/www.abf.eu\/bergamo\/wp-content\/uploads\/sites\/3\/2021\/02\/ABF-benessere-estetica-02-e1684320658320.jpg","datePublished":"2026-02-16T08:41:07+00:00","dateModified":"2026-04-23T09:17:29+00:00","description":"ABF ripropone il corso biennale di estetista presso la sede di Bergamo. Qualificati in modo professionale nel settore benessere!","breadcrumb":{"@id":"https:\/\/www.abf.eu\/bergamo\/corsi\/estetista-biennio\/#breadcrumb"},"inLanguage":"it-IT","potentialAction":[{"@type":"ReadAction","target":["https:\/\/www.abf.eu\/bergamo\/corsi\/estetista-biennio\/"]}]},{"@type":"ImageObject","inLanguage":"it-IT","@id":"https:\/\/www.abf.eu\/bergamo\/corsi\/estetista-biennio\/#primaryimage","url":"https:\/\/www.abf.eu\/bergamo\/wp-content\/uploads\/sites\/3\/2021\/02\/ABF-benessere-estetica-02-e1684320658320.jpg","contentUrl":"https:\/\/www.abf.eu\/bergamo\/wp-content\/uploads\/sites\/3\/2021\/02\/ABF-benessere-estetica-02-e1684320658320.jpg","width":1001,"height":667,"caption":"Corso biennale di estetista"},{"@type":"BreadcrumbList","@id":"https:\/\/www.abf.eu\/bergamo\/corsi\/estetista-biennio\/#breadcrumb","itemListElement":[{"@type":"ListItem","position":1,"name":"Home","item":"https:\/\/www.abf.eu\/bergamo\/"},{"@type":"ListItem","position":2,"name":"Estetista biennio"}]},{"@type":"WebSite","@id":"https:\/\/www.abf.eu\/bergamo\/#website","url":"https:\/\/www.abf.eu\/bergamo\/","name":"Bergamo","description":"Ecco un altro sito Abf siti","potentialAction":[{"@type":"SearchAction","target":{"@type":"EntryPoint","urlTemplate":"https:\/\/www.abf.eu\/bergamo\/?s={search_term_string}"},"query-input":{"@type":"PropertyValueSpecification","valueRequired":true,"valueName":"search_term_string"}}],"inLanguage":"it-IT"}]}},"_links":{"self":[{"href":"https:\/\/www.abf.eu\/bergamo\/wp-json\/wp\/v2\/corsi\/25093","targetHints":{"allow":["GET"]}}],"collection":[{"href":"https:\/\/www.abf.eu\/bergamo\/wp-json\/wp\/v2\/corsi"}],"about":[{"href":"https:\/\/www.abf.eu\/bergamo\/wp-json\/wp\/v2\/types\/corsi"}],"wp:featuredmedia":[{"embeddable":true,"href":"https:\/\/www.abf.eu\/bergamo\/wp-json\/wp\/v2\/media\/16082"}],"wp:attachment":[{"href":"https:\/\/www.abf.eu\/bergamo\/wp-json\/wp\/v2\/media?parent=25093"}],"curies":[{"name":"wp","href":"https:\/\/api.w.org\/{rel}","templated":true}]}}

<h3 class="wp-block-heading">Iscriviti al 1° anno del corso biennale di estetista per qualificarti in modo professionale nel settore benessere.</h3>



<h5 class="wp-block-heading"><strong>Profilo professionale</strong></h5>



<p>ABF Bergamo propone un <strong>corso biennale di estetista</strong> finalizzato allo sviluppo della figura professionale dell’estetista, in grado “<em>di eseguire trattamenti sulla superficie del corpo umano al fine esclusivo di mantenerlo in stato ottimale, di migliorarne e proteggerne l’aspetto estetico attraverso l’eliminazione o l’attenuazione degli inestetismi presenti</em>“.</p>



<p>L&#8217;estetista svolge la sua attività mediante tecniche manuali, utilizza apparecchi elettromeccanici per uso estetico e applica prodotti cosmetici secondo le normative vigenti, trovando impiego presso laboratori di estetica, centri benessere, stabilimenti termali e studi medici specializzati.</p>



<h5 class="wp-block-heading"><strong>Contenuti</strong></h5>



<p>Il corso biennale di Estetista prevede un&#8217;organizzazione di<strong>&nbsp;900 ore annue</strong>, suddivise 540 ore di aula e laboratorio, 360 ore di stage per ciascuna annualità da svolgersi presso aziende del settore. Per un totale di <strong>1800 ore all&#8217;interno del biennio</strong>. </p>



<p>Le discipline teorico/pratiche che si svolgeranno in sede sono:</p>



<ul class="wp-block-list">
<li>Laboratorio di Estetica;</li>



<li>Teoria Professionale;</li>



<li>Igiene-Fisiologia-Anatomia;</li>



<li>Organizzazione aziendale e Diritto;</li>



<li>Informatica;</li>



<li>Elementi di Chimica;</li>



<li>Fisica e cosmetologia;</li>



<li>Make-up.</li>
</ul>



<h5 class="wp-block-heading"><strong>Certificazione</strong></h5>



<p>Al termine del corso biennale di Estetista verrà rilasciato un <strong>attestato di competenze regionale</strong> per coloro che avranno raggiunto gli obiettivi previsti.</p>



<h5 class="wp-block-heading"><strong>Requisiti d’accesso</strong></h5>



<p>Il corso biennale di Estetista è aperto a tutti coloro che soddisfano i seguenti requisiti:</p>



<ul class="wp-block-list">
<li>Maggiore età;</li>



<li>Diploma di licenza media inferiore;</li>



<li>Per gli stranieri extracomunitari dichiarazione di valore e traduzione del titolo di studio (d.g.r. n. 5101/04) presso l’Ambasciata italiana del Paese d’origine;</li>



<li>Per i corsisti stranieri Permesso di soggiorno in corso di validità e buona conoscenza della lingua italiana.</li>
</ul>



<h5 class="wp-block-heading">Ulteriori informazioni</h5>



<ul class="wp-block-list">
<li>Costo: <strong>2050€ per annualità</strong></li>



<li>Orario lezioni: <strong>da lunedì a venerdì dalle 19:30 alle 22:30</strong></li>



<li><strong>Frequenza obbligatoria</strong> (le assenze superiori al 25% escludono il passaggio al secondo anno o la presentazione all’esame).</li>
</ul>



<p>Per il conseguimento dell’abilitazione professionale all’esercizio dell’attività di estetista (titolarità della licenza) è previsto il <strong>corso di specializzazione dopo il biennio </strong>(legge n. 1/1990).</p>



<h3 class="wp-block-heading">Puoi iscriverti alla prima annualità direttamente online, cliccando sul pulsante “ISCRIVITI” sottostante.</h3>



<div style="height:30px" aria-hidden="true" class="wp-block-spacer"></div>



<h5 class="wp-block-heading">Contatti</h5>



<p>Per ulteriori informazioni puoi contattare telefonicamente la segreteria allo 0353693736 o scrivere una mail a <a href="mailto:formazione.bergamo@abf.eu" target="_blank" rel="noreferrer noopener">formazione.bergamo@abf.eu</a>.</p>



<hr class="wp-block-separator has-alpha-channel-opacity"/>



<div id="linkcontent-block_67174c5998f80" class="link-content ">
    <a class='animated-arrow font-weight-bold' href='https://www.abf.eu/bergamo/wp-content/uploads/sites/3/2026/01/BG-Estetista-.pdf' target="_blank">
        <span class='the-arrow -left'>
            <span class='shaft'></span>
        </span>
        <span class='main'>
            <span class='text'>Scarica e condividi la locandina</span>
            <span class='the-arrow -right'>
                <span class='shaft'></span>
            </span>
        </span>
    </a>
</div>





<p></p>
