{"id":17991,"date":"2024-01-19T12:51:29","date_gmt":"2024-01-19T11:51:29","guid":{"rendered":"https:\/\/www.abf.eu\/clusone\/?post_type=corsi&#038;p=17991"},"modified":"2026-04-23T11:17:01","modified_gmt":"2026-04-23T09:17:01","slug":"serate-da-chef-i-sapori-delle-regioni-italiane-il-lazio","status":"publish","type":"corsi","link":"https:\/\/www.abf.eu\/clusone\/corsi\/serate-da-chef-i-sapori-delle-regioni-italiane-il-lazio\/","title":{"rendered":"Serate da chef: I sapori delle regioni italiane \u2013 Il Lazio"},"content":{"rendered":"\n<h3 class=\"wp-block-heading\">Arrivano da ABF le serate regionali di cucina!<\/h3>\n\n\n\n<h5 class=\"wp-block-heading\">Siete pronti a conoscere tutti i sapori d\u2019Italia?<\/h5>\n\n\n\n<p>Azienda Bergamasca Formazione di Clusone, insieme alle sedi di Treviglio e Bergamo, ha messo in programma per la stagione 2023-2024 le serate di cucina regionale. <\/p>\n\n\n\n<p>Saranno 3 serate per ogni sede, ogni serata tratter\u00e0 una regione differente. ABF Clusone concluder\u00e0 con una delle regioni italiane pi\u00f9 attive dal punto di vista culinarie: il <strong>Lazio<\/strong>! <\/p>\n\n\n\n<p>Alla parola Lazio, il primo pensiero che viene in mente \u00e8 la Carbonara! Eppure ci sono tantissime prelibatezze da poter cucinare e assaggiare. La serata di cucina laziale \u00e8 sicuramente un buon allenamento per arricchire la conoscenza del patrimonio culinario della regione. Sono moltissimi i prodotti registrati ai marchi IGP e DOC, come il pecorino romano, i salamini italiani alla cacciatora, la porchetta di Ariccia e la ricotta romana. <\/p>\n\n\n\n<h5 class=\"wp-block-heading\">Contenuti della serata Gioved\u00ec 14 marzo 2024 <\/h5>\n\n\n\n<p>Durante la serata i corsisti andranno a preparare un men\u00f9 con antipasto, prima e seconda portata, accompagnata dal dessert finale. Per quanto concerne l&#8217;antipasto si andr\u00e0 a preparare il <strong>Suppl\u00ec con insalata di puntarelle<\/strong>. Per il primo piatto si andranno a realizzare i <strong>Tonnarelli cacio e pepe<\/strong>. Come secondi saranno proposti due piatti: la <strong>Coda alla vaccinara<\/strong> e l&#8217;<strong>Abbacchio scottadito<\/strong> con contorno dei Carciofi alla giudia. Per concludere come dessert la serata prevede l\u2019immancabile <strong>Maritozzo<\/strong>. <\/p>\n\n\n\n<h5 class=\"wp-block-heading\">Chi terr\u00e0 il corso? <\/h5>\n\n\n\n<p>Il docente del corso \u00e8 lo chef Bonalda Roberto, a disposizione per insegnare tutti i suoi segreti partendo dalle preparazioni base fino ad arrivare alle lavorazioni pi\u00f9 complesse e all\u2019avanguardia. Il docente vi far\u00e0 immergere ancora di pi\u00f9 nei sapori della cucina romana, sar\u00e0 un viaggio tra gusti e sapori che lascer\u00e0 il segno. <\/p>\n\n\n\n<h5 class=\"wp-block-heading\">Altre informazioni <\/h5>\n\n\n\n<p>Il prezzo del corso \u00e8 60 euro. La serata si terr\u00e0 presso la nostra sede di ABF Clusone, situata a Clusone (BG) in Via Barbarigo 27, Gioved\u00ec 14 marzo dalle 18.00 alle 22.00. Per i corsisti che si iscriveranno a tutte e tre le serate \u00e8 previsto il 10% di sconto. <\/p>\n\n\n\n<h5 class=\"wp-block-heading\">Contatti <\/h5>\n\n\n\n<p>Per ulteriori informazioni, non esitate a contattare la segreteria al numero 0346 22808 o inviare una mail a <em><a href=\"mailto:formazione.clusone@abf.eu\" target=\"_blank\" rel=\"noreferrer noopener\">formazione.clusone@abf.eu<\/a>.<\/em><\/p>\n\n\n\n<hr class=\"wp-block-separator has-alpha-channel-opacity\"\/>\n\n\n\n<div id=\"linkcontent-block_656dbc39794c1\" class=\"link-content \">\n    <a class='animated-arrow font-weight-bold' href='https:\/\/www.abf.eu\/clusone\/wp-content\/uploads\/sites\/2\/2023\/12\/CL-Serate-da-chef-i-sapori-delle-regioni-italiane.pdf' target=\"_blank\">\n        <span class='the-arrow -left'>\n            <span class='shaft'><\/span>\n        <\/span>\n        <span class='main'>\n            <span class='text'>Scarica e condividi la locandina<\/span>\n            <span class='the-arrow -right'>\n                <span class='shaft'><\/span>\n            <\/span>\n        <\/span>\n    <\/a>\n<\/div>\n\n\n","protected":false},"featured_media":18006,"parent":0,"template":"","class_list":["post-17991","corsi","type-corsi","status-publish","has-post-thumbnail","hentry","macrocategoria-corsi-adulti","tipologia-corsi-ristorazione"],"yoast_head":"<!-- This site is optimized with the Yoast SEO plugin v25.8 - https:\/\/yoast.com\/wordpress\/plugins\/seo\/ -->\n<title>Serate da chef: I sapori delle regioni italiane \u2013 Il Lazio - Clusone<\/title>\n<meta name=\"description\" content=\"Diventa chef laziale per una sera e realizza un men\u00f9 con prima e seconda portata, accompagnate dal dessert finale.\" \/>\n<meta name=\"robots\" content=\"index, follow, max-snippet:-1, max-image-preview:large, max-video-preview:-1\" \/>\n<link rel=\"canonical\" href=\"https:\/\/www.abf.eu\/clusone\/corsi\/serate-da-chef-i-sapori-delle-regioni-italiane-il-lazio\/\" \/>\n<meta property=\"og:locale\" content=\"it_IT\" \/>\n<meta property=\"og:type\" content=\"article\" \/>\n<meta property=\"og:title\" content=\"Serate da chef: I sapori delle regioni italiane \u2013 Il Lazio - Clusone\" \/>\n<meta property=\"og:description\" content=\"Diventa chef laziale per una sera e realizza un men\u00f9 con prima e seconda portata, accompagnate dal dessert finale.\" \/>\n<meta property=\"og:url\" content=\"https:\/\/www.abf.eu\/clusone\/corsi\/serate-da-chef-i-sapori-delle-regioni-italiane-il-lazio\/\" \/>\n<meta property=\"og:site_name\" content=\"Clusone\" \/>\n<meta property=\"article:modified_time\" content=\"2026-04-23T09:17:01+00:00\" \/>\n<meta property=\"og:image\" content=\"https:\/\/www.abf.eu\/clusone\/wp-content\/uploads\/sites\/2\/2023\/12\/CL-cucina-laziale.png\" \/>\n\t<meta property=\"og:image:width\" content=\"1000\" \/>\n\t<meta property=\"og:image:height\" content=\"666\" \/>\n\t<meta property=\"og:image:type\" content=\"image\/png\" \/>\n<meta name=\"twitter:card\" content=\"summary_large_image\" \/>\n<meta name=\"twitter:label1\" content=\"Tempo di lettura stimato\" \/>\n\t<meta name=\"twitter:data1\" content=\"3 minuti\" \/>\n<script type=\"application\/ld+json\" class=\"yoast-schema-graph\">{\"@context\":\"https:\/\/schema.org\",\"@graph\":[{\"@type\":\"WebPage\",\"@id\":\"https:\/\/www.abf.eu\/clusone\/corsi\/serate-da-chef-i-sapori-delle-regioni-italiane-il-lazio\/\",\"url\":\"https:\/\/www.abf.eu\/clusone\/corsi\/serate-da-chef-i-sapori-delle-regioni-italiane-il-lazio\/\",\"name\":\"Serate da chef: I sapori delle regioni italiane \u2013 Il Lazio - Clusone\",\"isPartOf\":{\"@id\":\"https:\/\/www.abf.eu\/clusone\/#website\"},\"primaryImageOfPage\":{\"@id\":\"https:\/\/www.abf.eu\/clusone\/corsi\/serate-da-chef-i-sapori-delle-regioni-italiane-il-lazio\/#primaryimage\"},\"image\":{\"@id\":\"https:\/\/www.abf.eu\/clusone\/corsi\/serate-da-chef-i-sapori-delle-regioni-italiane-il-lazio\/#primaryimage\"},\"thumbnailUrl\":\"https:\/\/www.abf.eu\/clusone\/wp-content\/uploads\/sites\/2\/2023\/12\/CL-cucina-laziale.png\",\"datePublished\":\"2024-01-19T11:51:29+00:00\",\"dateModified\":\"2026-04-23T09:17:01+00:00\",\"description\":\"Diventa chef laziale per una sera e realizza un men\u00f9 con prima e seconda portata, accompagnate dal dessert finale.\",\"breadcrumb\":{\"@id\":\"https:\/\/www.abf.eu\/clusone\/corsi\/serate-da-chef-i-sapori-delle-regioni-italiane-il-lazio\/#breadcrumb\"},\"inLanguage\":\"it-IT\",\"potentialAction\":[{\"@type\":\"ReadAction\",\"target\":[\"https:\/\/www.abf.eu\/clusone\/corsi\/serate-da-chef-i-sapori-delle-regioni-italiane-il-lazio\/\"]}]},{\"@type\":\"ImageObject\",\"inLanguage\":\"it-IT\",\"@id\":\"https:\/\/www.abf.eu\/clusone\/corsi\/serate-da-chef-i-sapori-delle-regioni-italiane-il-lazio\/#primaryimage\",\"url\":\"https:\/\/www.abf.eu\/clusone\/wp-content\/uploads\/sites\/2\/2023\/12\/CL-cucina-laziale.png\",\"contentUrl\":\"https:\/\/www.abf.eu\/clusone\/wp-content\/uploads\/sites\/2\/2023\/12\/CL-cucina-laziale.png\",\"width\":1000,\"height\":666},{\"@type\":\"BreadcrumbList\",\"@id\":\"https:\/\/www.abf.eu\/clusone\/corsi\/serate-da-chef-i-sapori-delle-regioni-italiane-il-lazio\/#breadcrumb\",\"itemListElement\":[{\"@type\":\"ListItem\",\"position\":1,\"name\":\"Home\",\"item\":\"https:\/\/www.abf.eu\/clusone\/\"},{\"@type\":\"ListItem\",\"position\":2,\"name\":\"Serate da chef: I sapori delle regioni italiane \u2013 Il Lazio\"}]},{\"@type\":\"WebSite\",\"@id\":\"https:\/\/www.abf.eu\/clusone\/#website\",\"url\":\"https:\/\/www.abf.eu\/clusone\/\",\"name\":\"Clusone\",\"description\":\"Ecco un altro sito Abf siti\",\"potentialAction\":[{\"@type\":\"SearchAction\",\"target\":{\"@type\":\"EntryPoint\",\"urlTemplate\":\"https:\/\/www.abf.eu\/clusone\/?s={search_term_string}\"},\"query-input\":{\"@type\":\"PropertyValueSpecification\",\"valueRequired\":true,\"valueName\":\"search_term_string\"}}],\"inLanguage\":\"it-IT\"}]}<\/script>\n<!-- \/ Yoast SEO plugin. -->","yoast_head_json":{"title":"Serate da chef: I sapori delle regioni italiane \u2013 Il Lazio - Clusone","description":"Diventa chef laziale per una sera e realizza un men\u00f9 con prima e seconda portata, accompagnate dal dessert finale.","robots":{"index":"index","follow":"follow","max-snippet":"max-snippet:-1","max-image-preview":"max-image-preview:large","max-video-preview":"max-video-preview:-1"},"canonical":"https:\/\/www.abf.eu\/clusone\/corsi\/serate-da-chef-i-sapori-delle-regioni-italiane-il-lazio\/","og_locale":"it_IT","og_type":"article","og_title":"Serate da chef: I sapori delle regioni italiane \u2013 Il Lazio - Clusone","og_description":"Diventa chef laziale per una sera e realizza un men\u00f9 con prima e seconda portata, accompagnate dal dessert finale.","og_url":"https:\/\/www.abf.eu\/clusone\/corsi\/serate-da-chef-i-sapori-delle-regioni-italiane-il-lazio\/","og_site_name":"Clusone","article_modified_time":"2026-04-23T09:17:01+00:00","og_image":[{"width":1000,"height":666,"url":"https:\/\/www.abf.eu\/clusone\/wp-content\/uploads\/sites\/2\/2023\/12\/CL-cucina-laziale.png","type":"image\/png"}],"twitter_card":"summary_large_image","twitter_misc":{"Tempo di lettura stimato":"3 minuti"},"schema":{"@context":"https:\/\/schema.org","@graph":[{"@type":"WebPage","@id":"https:\/\/www.abf.eu\/clusone\/corsi\/serate-da-chef-i-sapori-delle-regioni-italiane-il-lazio\/","url":"https:\/\/www.abf.eu\/clusone\/corsi\/serate-da-chef-i-sapori-delle-regioni-italiane-il-lazio\/","name":"Serate da chef: I sapori delle regioni italiane \u2013 Il Lazio - Clusone","isPartOf":{"@id":"https:\/\/www.abf.eu\/clusone\/#website"},"primaryImageOfPage":{"@id":"https:\/\/www.abf.eu\/clusone\/corsi\/serate-da-chef-i-sapori-delle-regioni-italiane-il-lazio\/#primaryimage"},"image":{"@id":"https:\/\/www.abf.eu\/clusone\/corsi\/serate-da-chef-i-sapori-delle-regioni-italiane-il-lazio\/#primaryimage"},"thumbnailUrl":"https:\/\/www.abf.eu\/clusone\/wp-content\/uploads\/sites\/2\/2023\/12\/CL-cucina-laziale.png","datePublished":"2024-01-19T11:51:29+00:00","dateModified":"2026-04-23T09:17:01+00:00","description":"Diventa chef laziale per una sera e realizza un men\u00f9 con prima e seconda portata, accompagnate dal dessert finale.","breadcrumb":{"@id":"https:\/\/www.abf.eu\/clusone\/corsi\/serate-da-chef-i-sapori-delle-regioni-italiane-il-lazio\/#breadcrumb"},"inLanguage":"it-IT","potentialAction":[{"@type":"ReadAction","target":["https:\/\/www.abf.eu\/clusone\/corsi\/serate-da-chef-i-sapori-delle-regioni-italiane-il-lazio\/"]}]},{"@type":"ImageObject","inLanguage":"it-IT","@id":"https:\/\/www.abf.eu\/clusone\/corsi\/serate-da-chef-i-sapori-delle-regioni-italiane-il-lazio\/#primaryimage","url":"https:\/\/www.abf.eu\/clusone\/wp-content\/uploads\/sites\/2\/2023\/12\/CL-cucina-laziale.png","contentUrl":"https:\/\/www.abf.eu\/clusone\/wp-content\/uploads\/sites\/2\/2023\/12\/CL-cucina-laziale.png","width":1000,"height":666},{"@type":"BreadcrumbList","@id":"https:\/\/www.abf.eu\/clusone\/corsi\/serate-da-chef-i-sapori-delle-regioni-italiane-il-lazio\/#breadcrumb","itemListElement":[{"@type":"ListItem","position":1,"name":"Home","item":"https:\/\/www.abf.eu\/clusone\/"},{"@type":"ListItem","position":2,"name":"Serate da chef: I sapori delle regioni italiane \u2013 Il Lazio"}]},{"@type":"WebSite","@id":"https:\/\/www.abf.eu\/clusone\/#website","url":"https:\/\/www.abf.eu\/clusone\/","name":"Clusone","description":"Ecco un altro sito Abf siti","potentialAction":[{"@type":"SearchAction","target":{"@type":"EntryPoint","urlTemplate":"https:\/\/www.abf.eu\/clusone\/?s={search_term_string}"},"query-input":{"@type":"PropertyValueSpecification","valueRequired":true,"valueName":"search_term_string"}}],"inLanguage":"it-IT"}]}},"_links":{"self":[{"href":"https:\/\/www.abf.eu\/clusone\/wp-json\/wp\/v2\/corsi\/17991","targetHints":{"allow":["GET"]}}],"collection":[{"href":"https:\/\/www.abf.eu\/clusone\/wp-json\/wp\/v2\/corsi"}],"about":[{"href":"https:\/\/www.abf.eu\/clusone\/wp-json\/wp\/v2\/types\/corsi"}],"wp:featuredmedia":[{"embeddable":true,"href":"https:\/\/www.abf.eu\/clusone\/wp-json\/wp\/v2\/media\/18006"}],"wp:attachment":[{"href":"https:\/\/www.abf.eu\/clusone\/wp-json\/wp\/v2\/media?parent=17991"}],"curies":[{"name":"wp","href":"https:\/\/api.w.org\/{rel}","templated":true}]}}

<h3 class="wp-block-heading">Arrivano da ABF le serate regionali di cucina!</h3>



<h5 class="wp-block-heading">Siete pronti a conoscere tutti i sapori d’Italia?</h5>



<p>Azienda Bergamasca Formazione di Clusone, insieme alle sedi di Treviglio e Bergamo, ha messo in programma per la stagione 2023-2024 le serate di cucina regionale. </p>



<p>Saranno 3 serate per ogni sede, ogni serata tratterà una regione differente. ABF Clusone concluderà con una delle regioni italiane più attive dal punto di vista culinarie: il <strong>Lazio</strong>! </p>



<p>Alla parola Lazio, il primo pensiero che viene in mente è la Carbonara! Eppure ci sono tantissime prelibatezze da poter cucinare e assaggiare. La serata di cucina laziale è sicuramente un buon allenamento per arricchire la conoscenza del patrimonio culinario della regione. Sono moltissimi i prodotti registrati ai marchi IGP e DOC, come il pecorino romano, i salamini italiani alla cacciatora, la porchetta di Ariccia e la ricotta romana. </p>



<h5 class="wp-block-heading">Contenuti della serata Giovedì 14 marzo 2024 </h5>



<p>Durante la serata i corsisti andranno a preparare un menù con antipasto, prima e seconda portata, accompagnata dal dessert finale. Per quanto concerne l&#8217;antipasto si andrà a preparare il <strong>Supplì con insalata di puntarelle</strong>. Per il primo piatto si andranno a realizzare i <strong>Tonnarelli cacio e pepe</strong>. Come secondi saranno proposti due piatti: la <strong>Coda alla vaccinara</strong> e l&#8217;<strong>Abbacchio scottadito</strong> con contorno dei Carciofi alla giudia. Per concludere come dessert la serata prevede l’immancabile <strong>Maritozzo</strong>. </p>



<h5 class="wp-block-heading">Chi terrà il corso? </h5>



<p>Il docente del corso è lo chef Bonalda Roberto, a disposizione per insegnare tutti i suoi segreti partendo dalle preparazioni base fino ad arrivare alle lavorazioni più complesse e all’avanguardia. Il docente vi farà immergere ancora di più nei sapori della cucina romana, sarà un viaggio tra gusti e sapori che lascerà il segno. </p>



<h5 class="wp-block-heading">Altre informazioni </h5>



<p>Il prezzo del corso è 60 euro. La serata si terrà presso la nostra sede di ABF Clusone, situata a Clusone (BG) in Via Barbarigo 27, Giovedì 14 marzo dalle 18.00 alle 22.00. Per i corsisti che si iscriveranno a tutte e tre le serate è previsto il 10% di sconto. </p>



<h5 class="wp-block-heading">Contatti </h5>



<p>Per ulteriori informazioni, non esitate a contattare la segreteria al numero 0346 22808 o inviare una mail a <em><a href="mailto:formazione.clusone@abf.eu" target="_blank" rel="noreferrer noopener">formazione.clusone@abf.eu</a>.</em></p>



<hr class="wp-block-separator has-alpha-channel-opacity"/>



<div id="linkcontent-block_656dbc39794c1" class="link-content ">
    <a class='animated-arrow font-weight-bold' href='https://www.abf.eu/clusone/wp-content/uploads/sites/2/2023/12/CL-Serate-da-chef-i-sapori-delle-regioni-italiane.pdf' target="_blank">
        <span class='the-arrow -left'>
            <span class='shaft'></span>
        </span>
        <span class='main'>
            <span class='text'>Scarica e condividi la locandina</span>
            <span class='the-arrow -right'>
                <span class='shaft'></span>
            </span>
        </span>
    </a>
</div>

<!-- This site is optimized with the Yoast SEO plugin v25.8 - https://yoast.com/wordpress/plugins/seo/ -->
<title>Serate da chef: I sapori delle regioni italiane – Il Lazio - Clusone</title>
<meta name="description" content="Diventa chef laziale per una sera e realizza un menù con prima e seconda portata, accompagnate dal dessert finale." />
<meta name="robots" content="index, follow, max-snippet:-1, max-image-preview:large, max-video-preview:-1" />
<link rel="canonical" href="https://www.abf.eu/clusone/corsi/serate-da-chef-i-sapori-delle-regioni-italiane-il-lazio/" />
<meta property="og:locale" content="it_IT" />
<meta property="og:type" content="article" />
<meta property="og:title" content="Serate da chef: I sapori delle regioni italiane – Il Lazio - Clusone" />
<meta property="og:description" content="Diventa chef laziale per una sera e realizza un menù con prima e seconda portata, accompagnate dal dessert finale." />
<meta property="og:url" content="https://www.abf.eu/clusone/corsi/serate-da-chef-i-sapori-delle-regioni-italiane-il-lazio/" />
<meta property="og:site_name" content="Clusone" />
<meta property="article:modified_time" content="2026-04-23T09:17:01+00:00" />
<meta property="og:image" content="https://www.abf.eu/clusone/wp-content/uploads/sites/2/2023/12/CL-cucina-laziale.png" />
	<meta property="og:image:width" content="1000" />
	<meta property="og:image:height" content="666" />
	<meta property="og:image:type" content="image/png" />
<meta name="twitter:card" content="summary_large_image" />
<meta name="twitter:label1" content="Tempo di lettura stimato" />
	<meta name="twitter:data1" content="3 minuti" />
<script type="application/ld+json" class="yoast-schema-graph">{"@context":"https://schema.org","@graph":[{"@type":"WebPage","@id":"https://www.abf.eu/clusone/corsi/serate-da-chef-i-sapori-delle-regioni-italiane-il-lazio/","url":"https://www.abf.eu/clusone/corsi/serate-da-chef-i-sapori-delle-regioni-italiane-il-lazio/","name":"Serate da chef: I sapori delle regioni italiane – Il Lazio - Clusone","isPartOf":{"@id":"https://www.abf.eu/clusone/#website"},"primaryImageOfPage":{"@id":"https://www.abf.eu/clusone/corsi/serate-da-chef-i-sapori-delle-regioni-italiane-il-lazio/#primaryimage"},"image":{"@id":"https://www.abf.eu/clusone/corsi/serate-da-chef-i-sapori-delle-regioni-italiane-il-lazio/#primaryimage"},"thumbnailUrl":"https://www.abf.eu/clusone/wp-content/uploads/sites/2/2023/12/CL-cucina-laziale.png","datePublished":"2024-01-19T11:51:29+00:00","dateModified":"2026-04-23T09:17:01+00:00","description":"Diventa chef laziale per una sera e realizza un menù con prima e seconda portata, accompagnate dal dessert finale.","breadcrumb":{"@id":"https://www.abf.eu/clusone/corsi/serate-da-chef-i-sapori-delle-regioni-italiane-il-lazio/#breadcrumb"},"inLanguage":"it-IT","potentialAction":[{"@type":"ReadAction","target":["https://www.abf.eu/clusone/corsi/serate-da-chef-i-sapori-delle-regioni-italiane-il-lazio/"]}]},{"@type":"ImageObject","inLanguage":"it-IT","@id":"https://www.abf.eu/clusone/corsi/serate-da-chef-i-sapori-delle-regioni-italiane-il-lazio/#primaryimage","url":"https://www.abf.eu/clusone/wp-content/uploads/sites/2/2023/12/CL-cucina-laziale.png","contentUrl":"https://www.abf.eu/clusone/wp-content/uploads/sites/2/2023/12/CL-cucina-laziale.png","width":1000,"height":666},{"@type":"BreadcrumbList","@id":"https://www.abf.eu/clusone/corsi/serate-da-chef-i-sapori-delle-regioni-italiane-il-lazio/#breadcrumb","itemListElement":[{"@type":"ListItem","position":1,"name":"Home","item":"https://www.abf.eu/clusone/"},{"@type":"ListItem","position":2,"name":"Serate da chef: I sapori delle regioni italiane – Il Lazio"}]},{"@type":"WebSite","@id":"https://www.abf.eu/clusone/#website","url":"https://www.abf.eu/clusone/","name":"Clusone","description":"Ecco un altro sito Abf siti","potentialAction":[{"@type":"SearchAction","target":{"@type":"EntryPoint","urlTemplate":"https://www.abf.eu/clusone/?s={search_term_string}"},"query-input":{"@type":"PropertyValueSpecification","valueRequired":true,"valueName":"search_term_string"}}],"inLanguage":"it-IT"}]}</script>
<!-- / Yoast SEO plugin. -->

Diventa chef laziale per una sera e realizza un menù con prima e seconda portata, accompagnate dal dessert finale.
